{"id":1184,"date":"2023-09-30T09:13:59","date_gmt":"2023-09-30T09:13:59","guid":{"rendered":"https:\/\/tulinkahveci.com\/?page_id=1184"},"modified":"2023-09-30T09:13:59","modified_gmt":"2023-09-30T09:13:59","slug":"ilk-adet-gorme-menars","status":"publish","type":"page","link":"https:\/\/tulinkahveci.com\/index.php\/ilk-adet-gorme-menars\/","title":{"rendered":"Menar\u015f &#8211; Adet G\u00f6rme"},"content":{"rendered":"\t\t<div data-elementor-type=\"wp-page\" data-elementor-id=\"1184\" class=\"elementor elementor-1184\">\n\t\t\t\t\t\t<section class=\"elementor-section elementor-top-section elementor-element elementor-element-c3e8100 elementor-section-boxed elementor-section-height-default elementor-section-height-default\" data-id=\"c3e8100\" data-element_type=\"section\" data-e-type=\"section\">\n\t\t\t\t\t\t<div class=\"elementor-container elementor-column-gap-default\">\n\t\t\t\t\t<div class=\"aux-parallax-section elementor-column elementor-col-100 elementor-top-column elementor-element elementor-element-d2c27a9\" data-id=\"d2c27a9\" data-element_type=\"column\" data-e-type=\"column\">\n\t\t\t<div class=\"elementor-widget-wrap elementor-element-populated\">\n\t\t\t\t\t\t<div class=\"elementor-element elementor-element-c07bfb0 elementor-widget elementor-widget-heading\" data-id=\"c07bfb0\" data-element_type=\"widget\" data-e-type=\"widget\" data-widget_type=\"heading.default\">\n\t\t\t\t\t<h2 class=\"elementor-heading-title elementor-size-default\">Menar\u015f (\u0130lk Adet)<\/h2>\t\t\t\t<\/div>\n\t\t\t\t\t<\/div>\n\t\t<\/div>\n\t\t\t\t\t<\/div>\n\t\t<\/section>\n\t\t\t\t<section class=\"elementor-section elementor-top-section elementor-element elementor-element-54330a6f elementor-section-boxed elementor-section-height-default elementor-section-height-default\" data-id=\"54330a6f\" data-element_type=\"section\" data-e-type=\"section\">\n\t\t\t\t\t\t<div class=\"elementor-container elementor-column-gap-default\">\n\t\t\t\t\t<div class=\"aux-parallax-section elementor-column elementor-col-100 elementor-top-column elementor-element elementor-element-12e97b91\" data-id=\"12e97b91\" data-element_type=\"column\" data-e-type=\"column\">\n\t\t\t<div class=\"elementor-widget-wrap elementor-element-populated\">\n\t\t\t\t\t\t<div class=\"elementor-element elementor-element-26731fd elementor-widget elementor-widget-text-editor\" data-id=\"26731fd\" data-element_type=\"widget\" data-e-type=\"widget\" data-widget_type=\"text-editor.default\">\n\t\t\t\t\t\t\t\t\t<p><span style=\"color: #212529;\"><span style=\"font-family: Times New Roman, serif;\"><span style=\"font-size: medium;\"><b>\u0130lk Adet G\u00f6rme (Menar\u015f)<\/b><\/span><\/span><\/span><\/p><p><span style=\"color: #212529;\"><span style=\"font-family: Times New Roman, serif;\"><span style=\"font-size: medium;\">K\u0131z \u00e7ocuklar\u0131n\u0131n ergenli\u011fe girdi\u011finin en \u00f6nemli belirtilerinden olan ilk adet g\u00f6rme (menar\u015f), asl\u0131nda ergenlik geli\u015fmelerinin ba\u015flad\u0131\u011f\u0131 zamandan yakla\u015f\u0131k bir y\u0131l sonra ya\u015fan\u0131r. 10 ya\u015f civar\u0131ndaki k\u0131z \u00e7ocuklar\u0131nda folik\u00fcl uyar\u0131c\u0131 hormon ve lutein hormonunun art\u0131\u015f g\u00f6stermesi ve bununla birlikte \u00f6strojen hormonunun da artmas\u0131 ergenlik d\u00f6nemine \u00f6zg\u00fc fiziksel, biyolojik ve ruhsal de\u011fi\u015fikliklere yol a\u00e7maktad\u0131r. \u0130\u015fte bu de\u011fi\u015fikliklerin ilk olarak ortaya \u00e7\u0131kt\u0131\u011f\u0131 d\u00f6nemi takip eden bir y\u0131l\u0131n sonunda menar\u015f ad\u0131 verilen ilk adet kanamas\u0131 olur. Normal sa\u011fl\u0131k ko\u015fullar\u0131ndaki k\u0131z \u00e7ocuklar\u0131 12-13 ya\u015flar\u0131nda adet g\u00f6rmeye ba\u015flamaktad\u0131rlar. Ancak 17-18 ya\u015f\u0131na kadar adet g\u00f6rmeyen k\u0131z \u00e7ocuklar\u0131nda gecikmi\u015f menar\u015f, 10 ya\u015f\u0131ndan \u00f6nce adet g\u00f6ren k\u0131zlarda da erken menar\u015f durumundan bahsedilmektedir. Gecikmi\u015f menar\u015f ya da erken menar\u015f durumlar\u0131n\u0131n her ikisi de doktor muayenesi gerektirmektedir. \u00c7\u00fcnk\u00fc her iki durumda da yolunda gitmeyen bir \u015feylerin varl\u0131\u011f\u0131ndan, hormonal bozukluklardan \u015f\u00fcphe edilebilmektedir.<\/span><\/span><\/span><\/p><p><span style=\"color: #212529;\"><span style=\"font-family: Times New Roman, serif;\"><span style=\"font-size: medium;\"><b>\u0130lk adet g\u00f6rme ya\u015f\u0131, d\u00f6nemi neye g\u00f6re de\u011fi\u015fir?<\/b><\/span><\/span><\/span><\/p><p><span style=\"color: #212529;\"><span style=\"font-family: Times New Roman, serif;\"><span style=\"font-size: medium;\">\u0130lk adet g\u00f6rme ya\u015f\u0131n\u0131 belirleyen etkenler; ailenin genetik \u00f6zellikleri, b\u00f6lgesel \u00f6zellikler, beslenme ko\u015fullar\u0131 \u015feklinde s\u0131ralanabilmektedir. \u00d6rne\u011fin g\u00fcne\u015f \u0131\u015f\u0131\u011f\u0131na \u00e7ok fazla maruz kalan s\u0131cak \u00fclkelerde gen\u00e7 k\u0131zlar \u00e7ok erken d\u00f6nemde adet g\u00f6r\u00fcrlerken, ekvatora yak\u0131n \u00fclkelerde ya da so\u011fuk yerlerde \u00e7ok daha ge\u00e7 adet g\u00f6rmektedirler. Bunun yan\u0131nda beslenme konusunda sorun ya\u015famayan, biraz kilolu k\u0131zlar\u0131n daha erken adet g\u00f6rd\u00fckleri de bilinmektedir. \u00c7\u00fcnk\u00fc k\u0131z \u00e7ocu\u011funun adet g\u00f6rmeye ba\u015flamas\u0131 i\u00e7in v\u00fccut kilo ve ya\u011f oran\u0131n\u0131n belli bir seviyeye ula\u015fmas\u0131 gerekmektedir. V\u00fccut ya\u011flanmas\u0131 kilosunun % 20\u2019si civar\u0131nda olmayan k\u0131z \u00e7ocuklar\u0131nda adet d\u00f6nemi ba\u015flamayabilir. T\u00fcrkiye\u2019de k\u0131z \u00e7ocuklar\u0131n\u0131n ilk adet g\u00f6rme ya\u015flar\u0131 ortalama 14 ya\u015f civar\u0131d\u0131r.<\/span><\/span><\/span><\/p><p><span style=\"color: #212529;\"><span style=\"font-family: Times New Roman, serif;\"><span style=\"font-size: medium;\"><b>Ergenlik A\u015famalar\u0131 hangi s\u0131rayla ilerler?<\/b><\/span><\/span><\/span><\/p><p><span style=\"font-family: Times New Roman, serif;\"><span style=\"font-size: medium;\">Ergenlik d\u00f6neminde artan cinsiyet hormonlar\u0131n\u0131n etkisi ile b\u00fcy\u00fcme h\u0131zlanmaktad\u0131r<\/span><\/span><span style=\"font-size: medium;\">.<\/span><span style=\"color: #212529;\"><span style=\"font-family: Times New Roman, serif;\"><span style=\"font-size: medium;\"> K\u0131z \u00e7ocuklar\u0131 ergenli\u011fe girerken ortalama 11-12 \u00a0ya\u015flar\u0131nda boylar\u0131 uzar ve g\u00f6\u011f\u00fcslerinde k\u00fc\u00e7\u00fck tomurcuklanmalar ba\u015flar. Ba\u015flang\u0131\u00e7ta meme geli\u015fimi asimetrik olabilir. Bunu takip eden s\u00fcre\u00e7te genital b\u00f6lgede ve koltuk alt\u0131nda k\u0131llanmalar meydana gelir. Bunlar\u0131n ard\u0131ndan yakla\u015f\u0131k 13-14 ya\u015flar\u0131nda da ilk adet g\u00f6rme (menar\u015f) ger\u00e7ekle\u015fir.<\/span><\/span><\/span><\/p><p><span style=\"color: #212529;\"><span style=\"font-family: Times New Roman, serif;\"><span style=\"font-size: medium;\"><b>Erken menar\u015f neden kaynaklan\u0131r ve nelere sebep olabilir?<\/b><\/span><\/span><\/span><\/p><p><span style=\"color: #212529;\"><span style=\"font-family: Times New Roman, serif;\"><span style=\"font-size: medium;\">Erken menar\u015f, genetik, sosyolojik \u00f6zelliklerden, hormonal bozukluklardan kaynaklan\u0131yor olabilir. \u0130lk adetini 10 ya\u015f\u0131ndan \u00f6nce g\u00f6ren k\u0131z \u00e7ocuklar\u0131n\u0131n boylar\u0131 yeterince uzamaz, fiziksel geli\u015fimleri daha yava\u015ft\u0131r ve toplum i\u00e7inde daha \u00e7ekingen ve i\u00e7ine kapan\u0131k olurlar. Erken menar\u015ftan kast edilen adet kanamas\u0131n\u0131n ilk olarak geldi\u011fi ya\u015ft\u0131r. Sonras\u0131nda 1-2 y\u0131l d\u00fczensiz olarak g\u00f6r\u00fclen adet kanamalar\u0131n\u0131n, belli bir sistemati\u011fe oturmas\u0131 zaman almaktad\u0131r. \u0130lk kez adet kanamas\u0131 g\u00f6r\u00fclen ya\u015f 10 ya\u015f\u0131n alt\u0131ndaysa erken menar\u015ftan ve bunun olumsuz etkilerinden bahsedilebilir.<\/span><\/span><\/span><\/p><p><br \/><br \/><\/p><p><span style=\"color: #212529;\"><span style=\"font-family: Times New Roman, serif;\"><span style=\"font-size: medium;\"><b>Gecikmi\u015f menar\u015f neden kaynaklan\u0131r ve nelere sebep olur?<\/b><\/span><\/span><\/span><\/p><p><span style=\"color: #212529;\"><span style=\"font-family: Times New Roman, serif;\"><span style=\"font-size: medium;\">Gecikmi\u015f menar\u015f, yani ilk adetini 16 ya\u015f ve sonras\u0131nda g\u00f6rme durumu da; genetik, sosyolojik \u00f6zellikler ya da hormonal bozukluklardan kaynaklanabilmektedir ve kesinlikle doktor taraf\u0131ndan incelenmesi gereken bir olayd\u0131r. Gecikmi\u015f menar\u015f durumunda k\u0131z \u00e7ocuklar\u0131nda ikincil cinsiyet \u00f6zellikleri olan t\u00fcylenme, boy uzamas\u0131 ve g\u00f6\u011f\u00fcs b\u00fcy\u00fcmesi, geli\u015fimi konular\u0131 da ayr\u0131ca takip edilmelidir. Adet g\u00f6rme ya\u015f\u0131 ve d\u00f6nemi s\u00f6z konusu oldu\u011funda ikincil cinsiyet \u00f6zellikleri geli\u015fti\u011finde, ilk adet kanas\u0131 i\u00e7in 15 ya\u015f\u0131n sonuna kadar endi\u015felenmeye gerek yoktur. Ancak hem k\u0131llanma, memelerde b\u00fcy\u00fcme, boy uzamas\u0131 gibi \u00f6zellikler 14 ya\u015f\u0131na kadar g\u00f6zlenmiyor hem de adet kanamas\u0131 olmuyorsa ciddi bir problemin varl\u0131\u011f\u0131ndan endi\u015felenmek gerekir.<\/span><\/span><\/span><\/p>\t\t\t\t\t\t\t\t<\/div>\n\t\t\t\t\t<\/div>\n\t\t<\/div>\n\t\t\t\t\t<\/div>\n\t\t<\/section>\n\t\t\t\t<\/div>\n\t\t","protected":false},"excerpt":{"rendered":"<p>Menar\u015f (\u0130lk Adet) \u0130lk Adet G\u00f6rme (Menar\u015f) K\u0131z \u00e7ocuklar\u0131n\u0131n ergenli\u011fe girdi\u011finin en \u00f6nemli belirtilerinden olan ilk adet g\u00f6rme (menar\u015f), asl\u0131nda ergenlik geli\u015fmelerinin ba\u015flad\u0131\u011f\u0131 zamandan yakla\u015f\u0131k bir y\u0131l sonra ya\u015fan\u0131r. 10 ya\u015f civar\u0131ndaki k\u0131z \u00e7ocuklar\u0131nda folik\u00fcl uyar\u0131c\u0131 hormon ve lutein hormonunun art\u0131\u015f g\u00f6stermesi ve bununla birlikte \u00f6strojen hormonunun da artmas\u0131 ergenlik d\u00f6nemine \u00f6zg\u00fc fiziksel, biyolojik ve [&hellip;]<\/p>\n","protected":false},"author":1,"featured_media":0,"parent":0,"menu_order":0,"comment_status":"closed","ping_status":"closed","template":"","meta":{"footnotes":""},"class_list":["post-1184","page","type-page","status-publish","hentry"],"yoast_head":"<!-- This site is optimized with the Yoast SEO plugin v27.4 - https:\/\/yoast.com\/product\/yoast-seo-wordpress\/ -->\n<title>Menar\u015f - Adet G\u00f6rme - T\u00dcL\u0130N KAHVEC\u0130<\/title>\n<meta name=\"description\" content=\"K\u0131z \u00e7ocuklar\u0131n\u0131n ergenli\u011fe girdi\u011finin en \u00f6nemli belirtilerinden olan ilk adet g\u00f6rme (menar\u015f), asl\u0131nda ergenlik geli\u015fmelerinin ba\u015flad\u0131\u011f\u0131 zamandan yakla\u015f\u0131k bir y\u0131l sonra ya\u015fan\u0131r.\" \/>\n<meta name=\"robots\" content=\"index, follow, max-snippet:-1, max-image-preview:large, max-video-preview:-1\" \/>\n<link rel=\"canonical\" href=\"https:\/\/tulinkahveci.com\/index.php\/ilk-adet-gorme-menars\/\" \/>\n<meta property=\"og:locale\" content=\"tr_TR\" \/>\n<meta property=\"og:type\" content=\"article\" \/>\n<meta property=\"og:title\" content=\"Menar\u015f - Adet G\u00f6rme - T\u00dcL\u0130N KAHVEC\u0130\" \/>\n<meta property=\"og:description\" content=\"K\u0131z \u00e7ocuklar\u0131n\u0131n ergenli\u011fe girdi\u011finin en \u00f6nemli belirtilerinden olan ilk adet g\u00f6rme (menar\u015f), asl\u0131nda ergenlik geli\u015fmelerinin ba\u015flad\u0131\u011f\u0131 zamandan yakla\u015f\u0131k bir y\u0131l sonra ya\u015fan\u0131r.\" \/>\n<meta property=\"og:url\" content=\"https:\/\/tulinkahveci.com\/index.php\/ilk-adet-gorme-menars\/\" \/>\n<meta property=\"og:site_name\" content=\"T\u00dcL\u0130N KAHVEC\u0130\" \/>\n<meta name=\"twitter:card\" content=\"summary_large_image\" \/>\n<meta name=\"twitter:label1\" content=\"Tahmini okuma s\u00fcresi\" \/>\n\t<meta name=\"twitter:data1\" content=\"3 dakika\" \/>\n<script type=\"application\/ld+json\" class=\"yoast-schema-graph\">{\"@context\":\"https:\\\/\\\/schema.org\",\"@graph\":[{\"@type\":\"WebPage\",\"@id\":\"https:\\\/\\\/tulinkahveci.com\\\/index.php\\\/ilk-adet-gorme-menars\\\/\",\"url\":\"https:\\\/\\\/tulinkahveci.com\\\/index.php\\\/ilk-adet-gorme-menars\\\/\",\"name\":\"Menar\u015f - Adet G\u00f6rme - T\u00dcL\u0130N KAHVEC\u0130\",\"isPartOf\":{\"@id\":\"https:\\\/\\\/tulinkahveci.com\\\/#website\"},\"datePublished\":\"2023-09-30T09:13:59+00:00\",\"description\":\"K\u0131z \u00e7ocuklar\u0131n\u0131n ergenli\u011fe girdi\u011finin en \u00f6nemli belirtilerinden olan ilk adet g\u00f6rme (menar\u015f), asl\u0131nda ergenlik geli\u015fmelerinin ba\u015flad\u0131\u011f\u0131 zamandan yakla\u015f\u0131k bir y\u0131l sonra ya\u015fan\u0131r.\",\"breadcrumb\":{\"@id\":\"https:\\\/\\\/tulinkahveci.com\\\/index.php\\\/ilk-adet-gorme-menars\\\/#breadcrumb\"},\"inLanguage\":\"tr\",\"potentialAction\":[{\"@type\":\"ReadAction\",\"target\":[\"https:\\\/\\\/tulinkahveci.com\\\/index.php\\\/ilk-adet-gorme-menars\\\/\"]}]},{\"@type\":\"BreadcrumbList\",\"@id\":\"https:\\\/\\\/tulinkahveci.com\\\/index.php\\\/ilk-adet-gorme-menars\\\/#breadcrumb\",\"itemListElement\":[{\"@type\":\"ListItem\",\"position\":1,\"name\":\"Anasayfa\",\"item\":\"https:\\\/\\\/tulinkahveci.com\\\/\"},{\"@type\":\"ListItem\",\"position\":2,\"name\":\"Menar\u015f &#8211; Adet G\u00f6rme\"}]},{\"@type\":\"WebSite\",\"@id\":\"https:\\\/\\\/tulinkahveci.com\\\/#website\",\"url\":\"https:\\\/\\\/tulinkahveci.com\\\/\",\"name\":\"T\u00dcL\u0130N KAHVEC\u0130\",\"description\":\"\",\"potentialAction\":[{\"@type\":\"SearchAction\",\"target\":{\"@type\":\"EntryPoint\",\"urlTemplate\":\"https:\\\/\\\/tulinkahveci.com\\\/?s={search_term_string}\"},\"query-input\":{\"@type\":\"PropertyValueSpecification\",\"valueRequired\":true,\"valueName\":\"search_term_string\"}}],\"inLanguage\":\"tr\"}]}<\/script>\n<!-- \/ Yoast SEO plugin. -->","yoast_head_json":{"title":"Menar\u015f - Adet G\u00f6rme - T\u00dcL\u0130N KAHVEC\u0130","description":"K\u0131z \u00e7ocuklar\u0131n\u0131n ergenli\u011fe girdi\u011finin en \u00f6nemli belirtilerinden olan ilk adet g\u00f6rme (menar\u015f), asl\u0131nda ergenlik geli\u015fmelerinin ba\u015flad\u0131\u011f\u0131 zamandan yakla\u015f\u0131k bir y\u0131l sonra ya\u015fan\u0131r.","robots":{"index":"index","follow":"follow","max-snippet":"max-snippet:-1","max-image-preview":"max-image-preview:large","max-video-preview":"max-video-preview:-1"},"canonical":"https:\/\/tulinkahveci.com\/index.php\/ilk-adet-gorme-menars\/","og_locale":"tr_TR","og_type":"article","og_title":"Menar\u015f - Adet G\u00f6rme - T\u00dcL\u0130N KAHVEC\u0130","og_description":"K\u0131z \u00e7ocuklar\u0131n\u0131n ergenli\u011fe girdi\u011finin en \u00f6nemli belirtilerinden olan ilk adet g\u00f6rme (menar\u015f), asl\u0131nda ergenlik geli\u015fmelerinin ba\u015flad\u0131\u011f\u0131 zamandan yakla\u015f\u0131k bir y\u0131l sonra ya\u015fan\u0131r.","og_url":"https:\/\/tulinkahveci.com\/index.php\/ilk-adet-gorme-menars\/","og_site_name":"T\u00dcL\u0130N KAHVEC\u0130","twitter_card":"summary_large_image","twitter_misc":{"Tahmini okuma s\u00fcresi":"3 dakika"},"schema":{"@context":"https:\/\/schema.org","@graph":[{"@type":"WebPage","@id":"https:\/\/tulinkahveci.com\/index.php\/ilk-adet-gorme-menars\/","url":"https:\/\/tulinkahveci.com\/index.php\/ilk-adet-gorme-menars\/","name":"Menar\u015f - Adet G\u00f6rme - T\u00dcL\u0130N KAHVEC\u0130","isPartOf":{"@id":"https:\/\/tulinkahveci.com\/#website"},"datePublished":"2023-09-30T09:13:59+00:00","description":"K\u0131z \u00e7ocuklar\u0131n\u0131n ergenli\u011fe girdi\u011finin en \u00f6nemli belirtilerinden olan ilk adet g\u00f6rme (menar\u015f), asl\u0131nda ergenlik geli\u015fmelerinin ba\u015flad\u0131\u011f\u0131 zamandan yakla\u015f\u0131k bir y\u0131l sonra ya\u015fan\u0131r.","breadcrumb":{"@id":"https:\/\/tulinkahveci.com\/index.php\/ilk-adet-gorme-menars\/#breadcrumb"},"inLanguage":"tr","potentialAction":[{"@type":"ReadAction","target":["https:\/\/tulinkahveci.com\/index.php\/ilk-adet-gorme-menars\/"]}]},{"@type":"BreadcrumbList","@id":"https:\/\/tulinkahveci.com\/index.php\/ilk-adet-gorme-menars\/#breadcrumb","itemListElement":[{"@type":"ListItem","position":1,"name":"Anasayfa","item":"https:\/\/tulinkahveci.com\/"},{"@type":"ListItem","position":2,"name":"Menar\u015f &#8211; Adet G\u00f6rme"}]},{"@type":"WebSite","@id":"https:\/\/tulinkahveci.com\/#website","url":"https:\/\/tulinkahveci.com\/","name":"T\u00dcL\u0130N KAHVEC\u0130","description":"","potentialAction":[{"@type":"SearchAction","target":{"@type":"EntryPoint","urlTemplate":"https:\/\/tulinkahveci.com\/?s={search_term_string}"},"query-input":{"@type":"PropertyValueSpecification","valueRequired":true,"valueName":"search_term_string"}}],"inLanguage":"tr"}]}},"_links":{"self":[{"href":"https:\/\/tulinkahveci.com\/index.php\/wp-json\/wp\/v2\/pages\/1184","targetHints":{"allow":["GET"]}}],"collection":[{"href":"https:\/\/tulinkahveci.com\/index.php\/wp-json\/wp\/v2\/pages"}],"about":[{"href":"https:\/\/tulinkahveci.com\/index.php\/wp-json\/wp\/v2\/types\/page"}],"author":[{"embeddable":true,"href":"https:\/\/tulinkahveci.com\/index.php\/wp-json\/wp\/v2\/users\/1"}],"replies":[{"embeddable":true,"href":"https:\/\/tulinkahveci.com\/index.php\/wp-json\/wp\/v2\/comments?post=1184"}],"version-history":[{"count":0,"href":"https:\/\/tulinkahveci.com\/index.php\/wp-json\/wp\/v2\/pages\/1184\/revisions"}],"wp:attachment":[{"href":"https:\/\/tulinkahveci.com\/index.php\/wp-json\/wp\/v2\/media?parent=1184"}],"curies":[{"name":"wp","href":"https:\/\/api.w.org\/{rel}","templated":true}]}}