{"id":1636,"date":"2023-11-05T19:35:51","date_gmt":"2023-11-05T19:35:51","guid":{"rendered":"https:\/\/tulinkahveci.com\/?page_id=1636"},"modified":"2023-11-05T19:35:51","modified_gmt":"2023-11-05T19:35:51","slug":"vajina-beyazlatma","status":"publish","type":"page","link":"https:\/\/tulinkahveci.com\/index.php\/vajina-beyazlatma\/","title":{"rendered":"Vajina Beyazlatma"},"content":{"rendered":"\t\t<div data-elementor-type=\"wp-page\" data-elementor-id=\"1636\" class=\"elementor elementor-1636\">\n\t\t\t\t\t\t<section class=\"elementor-section elementor-top-section elementor-element elementor-element-dd47629 elementor-section-boxed elementor-section-height-default elementor-section-height-default\" data-id=\"dd47629\" data-element_type=\"section\" data-e-type=\"section\">\n\t\t\t\t\t\t<div class=\"elementor-container elementor-column-gap-default\">\n\t\t\t\t\t<div class=\"aux-parallax-section elementor-column elementor-col-100 elementor-top-column elementor-element elementor-element-ae3f3b4\" data-id=\"ae3f3b4\" data-element_type=\"column\" data-e-type=\"column\">\n\t\t\t<div class=\"elementor-widget-wrap elementor-element-populated\">\n\t\t\t\t\t\t<div class=\"elementor-element elementor-element-5620606 elementor-widget elementor-widget-heading\" data-id=\"5620606\" data-element_type=\"widget\" data-e-type=\"widget\" data-widget_type=\"heading.default\">\n\t\t\t\t\t<h2 class=\"elementor-heading-title elementor-size-default\">Vajina Beyazlatma<\/h2>\t\t\t\t<\/div>\n\t\t\t\t\t<\/div>\n\t\t<\/div>\n\t\t\t\t\t<\/div>\n\t\t<\/section>\n\t\t\t\t<section class=\"elementor-section elementor-top-section elementor-element elementor-element-ae0c45d elementor-section-boxed elementor-section-height-default elementor-section-height-default\" data-id=\"ae0c45d\" data-element_type=\"section\" data-e-type=\"section\">\n\t\t\t\t\t\t<div class=\"elementor-container elementor-column-gap-default\">\n\t\t\t\t\t<div class=\"aux-parallax-section elementor-column elementor-col-100 elementor-top-column elementor-element elementor-element-5956607\" data-id=\"5956607\" data-element_type=\"column\" data-e-type=\"column\">\n\t\t\t<div class=\"elementor-widget-wrap elementor-element-populated\">\n\t\t\t\t\t\t<div class=\"elementor-element elementor-element-2e65649 elementor-widget elementor-widget-text-editor\" data-id=\"2e65649\" data-element_type=\"widget\" data-e-type=\"widget\" data-widget_type=\"text-editor.default\">\n\t\t\t\t\t\t\t\t\t<h2 class=\"western\"><span style=\"font-size: medium; font-family: 'Liberation Serif', serif; font-weight: var( --e-global-typography-text-font-weight );\">Vajina beyazlatma tabiri asl\u0131nda \u00e7ok do\u011fru de\u011fildir. \u00c7\u00fcnk\u00fc kad\u0131nlarda d\u0131\u015f genital b\u00f6lge \u2018vulva\u2019 olarak adland\u0131r\u0131l\u0131r. Vajina beyazlatma yerine, vulvar renk a\u00e7ma daha uygun bir terimdir.<\/span><\/h2><p><span style=\"color: #000000;\"><span style=\"font-family: Liberation Serif, serif;\"><span style=\"font-size: medium;\">Vulva beyazlatma i\u015flemleri zamanla koyula\u015fan, esmerle\u015fen vulvan\u0131n koyulu\u011fu gidermek i\u00e7in yap\u0131lan tedavileri i\u00e7erir. T\u0131bbi olarak renk a\u00e7\u0131c\u0131 yani \u201chiperpigmentasyon\u201d tedavileri olarak ge\u00e7mektedir ve v\u00fccudun farkl\u0131 b\u00f6lgelerinde de uygulanabilmektedir.<\/span><\/span><\/span><\/p><h3 class=\"western\"><span style=\"color: #000000;\"><span style=\"font-family: Liberation Serif, serif;\"><span style=\"font-size: medium;\"><b>Vajina (Vulva) neden karar\u0131r?<\/b><\/span><\/span><\/span><\/h3><p><span style=\"color: #000000;\"><span style=\"font-family: Liberation Serif, serif;\"><span style=\"font-size: medium;\">Genital b\u00f6lge zaman i\u00e7erisinde hormonal de\u011fi\u015fimler veya ya\u015fa ba\u011fl\u0131 olarak kararabiliyor. Bu kararmaya neden olu\u015fturan hormon ise \u00f6strojendir. Vulva adl\u0131 b\u00f6lge, estrojen bak\u0131m\u0131ndan zengin oldu\u011fundan zamanla renginde koyula\u015fma g\u00f6r\u00fclebilir.<\/span><\/span><\/span><\/p><p><span style=\"color: #000000;\"><span style=\"font-family: Liberation Serif, serif;\"><span style=\"font-size: medium;\">Genital b\u00f6lge esmerle\u015fmesindeki en b\u00fcy\u00fck etken bu dokudaki \u00f6strojen hormonu yo\u011funlu\u011fudur. \u00d6strojen hormonu, g\u00fcne\u015f \u0131\u015f\u0131\u011f\u0131 etkisiyle genital alanda renk koyula\u015fmas\u0131n\u0131 sa\u011flayan &#8216;melanosit&#8217; h\u00fccrelerini harekete ge\u00e7irmekte, melanosit (renk pigmenti) h\u00fccreleri de &#8216;melanin&#8217; salg\u0131layarak genital alanda renk koyula\u015fmas\u0131na neden olmaktad\u0131r. Her ne kadar genital alan \u00fcst\u00fc t\u00fcyle ve giysilerle kapl\u0131 olsa da, g\u00fcne\u015fin ultraviyole \u0131\u015f\u0131nlar\u0131n\u0131n bu b\u00f6lgeye ula\u015fmas\u0131 son derece kolayd\u0131r.<\/span><\/span><\/span><\/p><p><span style=\"color: #000000;\"><span style=\"font-family: Liberation Serif, serif;\"><span style=\"font-size: medium;\">Di\u011fer taraftan gebelik ve do\u011fum kontrol haplar\u0131 da kad\u0131nlarda artm\u0131\u015f \u00f6strojen hormonu sayesinde genital alanda esmerle\u015fme, renk koyula\u015fmas\u0131na neden olabilir. Hamilelik nedeniyle kad\u0131nlar \u00f6strojen hormonunu daha fazla salg\u0131larlar ve bu durum da b\u00f6lgede renk koyula\u015fmas\u0131n\u0131n en b\u00fcy\u00fck nedeni olarak g\u00f6r\u00fcl\u00fcr. Hamilelik d\u00f6neminden sonraki zamanlarda bu koyula\u015fma ge\u00e7mez ve kal\u0131c\u0131 bir hale gelir. <\/span><\/span><\/span><\/p><p><span style=\"color: #000000;\"><span style=\"font-family: Liberation Serif, serif;\"><span style=\"font-size: medium;\">\u0130lerleyen ya\u015f da genital b\u00f6lgede esmerle\u015fme nedenidir.<\/span><\/span><\/span><\/p><p><span style=\"color: #000000;\"><span style=\"font-family: Liberation Serif, serif;\"><span style=\"font-size: medium;\">Genital b\u00f6lge epilasyonu da genital alanda renk koyula\u015fmas\u0131 yap\u0131labilir.<\/span><\/span><\/span><\/p><p><span style=\"color: #000000;\"><span style=\"font-family: Liberation Serif, serif;\"><span style=\"font-size: medium;\">Kullan\u0131lan baz\u0131 hormon ila\u00e7lar\u0131, devaml\u0131 sentetik i\u00e7 \u00e7ama\u015f\u0131r\u0131 giyilmesi, sigara kullan\u0131m\u0131, g\u00fcnl\u00fck ped kullan\u0131m\u0131, k\u00f6t\u00fc genital hijyen, dar k\u0131yafet giyilmesi, bu b\u00f6lgeye s\u00fcr\u00fclen baz\u0131 ila\u00e7lar, t\u00fcy d\u00f6k\u00fcc\u00fc kremler, cilt PH dengesini bozan temizleyiciler, kremler ve deodarantlar , kimyasal maruziyeti bu b\u00f6lgeye yap\u0131lan baz\u0131 cerrahi i\u015flemler ve ailesel yatk\u0131nl\u0131k da genital b\u00f6lge koyula\u015fmas\u0131ndaki di\u011fer sebepler aras\u0131ndad\u0131r.<\/span><\/span><\/span><\/p><p><span style=\"color: #000000;\"><span style=\"font-family: Liberation Serif, serif;\"><span style=\"font-size: medium;\">Baz\u0131 hastal\u0131klar da genital alan\u0131n renk koyula\u015fmas\u0131na neden olabilmektedir. Bunlar:<\/span><\/span><\/span><\/p><ul><li><p><span style=\"color: #000000;\"><span style=\"font-family: Liberation Serif, serif;\"><span style=\"font-size: medium;\">Polikistik over sendromu,<\/span><\/span><\/span><\/p><\/li><li><p><span style=\"color: #000000;\"><span style=\"font-family: Liberation Serif, serif;\"><span style=\"font-size: medium;\">\u0130ns\u00fclin direnci,<\/span><\/span><\/span><\/p><\/li><li><p><span style=\"color: #000000;\"><span style=\"font-family: Liberation Serif, serif;\"><span style=\"font-size: medium;\">Obesite (\u015ei\u015fmanl\u0131k),<\/span><\/span><\/span><\/p><\/li><li><p><span style=\"color: #000000;\"><span style=\"font-family: Liberation Serif, serif;\"><span style=\"font-size: medium;\">Cushing sendromu,<\/span><\/span><\/span><\/p><\/li><li><p><span style=\"color: #000000;\"><span style=\"font-family: Liberation Serif, serif;\"><span style=\"font-size: medium;\">Tiroid hastal\u0131klar\u0131,<\/span><\/span><\/span><\/p><\/li><li><p><span style=\"color: #000000;\"><span style=\"font-family: Liberation Serif, serif;\"><span style=\"font-size: medium;\">Addison hastal\u0131\u011f\u0131,<\/span><\/span><\/span><\/p><\/li><li><p><span style=\"color: #000000;\"><span style=\"font-family: Liberation Serif, serif;\"><span style=\"font-size: medium;\">Adrenal bezde hormon salg\u0131layan t\u00fcm\u00f6rler.<\/span><\/span><\/span><\/p><\/li><\/ul><p><span style=\"color: #000000;\"><span style=\"font-family: Liberation Serif, serif;\"><span style=\"font-size: medium;\">Renk a\u00e7\u0131c\u0131 tedavilere ba\u015flamadan \u00f6nce renkte koyula\u015fman\u0131n herhangi bir hastal\u0131k bulgusu olmad\u0131\u011f\u0131ndan emin olunmal\u0131d\u0131r.<\/span><\/span><\/span><\/p><p>\u00a0<\/p><p><span style=\"color: #000000;\"><span style=\"font-family: Liberation Serif, serif;\"><span style=\"font-size: medium;\"><b>Genital B\u00f6lge Renk Koyula\u015fmas\u0131n\u0131n Ne T\u00fcr Zarar\u0131 Vard\u0131r?<\/b><\/span><\/span><\/span><\/p><p><span style=\"color: #000000;\"><span style=\"font-family: Liberation Serif, serif;\"><span style=\"font-size: medium;\">Bu durumun fiziksel olarak herhangi bir zarar\u0131 yoktur. Psikolojik rahats\u0131zl\u0131klar ve estetik g\u00f6r\u00fcn\u00fcm kayg\u0131lar\u0131 d\u0131\u015f\u0131nda hi\u00e7bir s\u0131k\u0131nt\u0131 olu\u015fmamaktad\u0131r.Bu ameliyat\u0131 tercih eden kad\u0131nlardaki en b\u00fcy\u00fck neden estetik kayg\u0131lard\u0131r. <\/span><\/span><\/span><\/p><p>\u00a0<\/p><p>\u00a0<\/p><h2 class=\"western\"><span style=\"color: #000000;\"><span style=\"font-family: Liberation Serif, serif;\"><span style=\"font-size: medium;\"><b>Lazerle genital b\u00f6lge renk a\u00e7ma i\u015flemi nas\u0131l yap\u0131l\u0131r?<\/b><\/span><\/span><\/span><\/h2><p><span style=\"color: #000000;\"><span style=\"font-family: Liberation Serif, serif;\"><span style=\"font-size: medium;\">Lazer teknolojisi ile vulvar renk a\u00e7ma tedavileri \u00f6zellikle son y\u0131llarda \u00f6nemli geli\u015fmeler g\u00f6stermektedir.<\/span><\/span><\/span><\/p><p><span style=\"color: #000000;\"><span style=\"font-family: Liberation Serif, serif;\"><span style=\"font-size: medium;\">Lazer, termal etkisi ile deriyi \u0131s\u0131t\u0131p yeni kolajen sentezini artt\u0131r\u0131r ve ciltte soyulma (eksfolyasyon) yapar. B\u00f6ylelikle renkte % 40 oran\u0131nda a\u00e7\u0131lma sa\u011flan\u0131r. \u0130\u015flem tek seans uygulama \u015feklinde, b\u00f6lgesel anestezi ile 5 dakika gibi k\u0131sa bir s\u00fcrede yap\u0131l\u0131r. \u0130\u015flem sonras\u0131 herhangi bir k\u0131s\u0131tlama olmaks\u0131z\u0131n normal hayata devam edilir.<\/span><\/span><\/span><\/p><h2 class=\"western\"><span style=\"color: #000000;\"><span style=\"font-family: Liberation Serif, serif;\"><span style=\"font-size: medium;\"><b>Lazer ile Vajina Beyazlatma Sonras\u0131<\/b><\/span><\/span><\/span><\/h2><p><span style=\"color: #000000;\"><span style=\"font-family: Liberation Serif, serif;\"><span style=\"font-size: medium;\">Lazerle vajina beyazlatma sonras\u0131 ciddi bir yan etki izlenmemi\u015ftir. Hafif d\u00fczeyde b\u00f6lgesel k\u0131zar\u0131kl\u0131k, batma, yanma gibi \u015fikayetler g\u00f6r\u00fclebilir. \u0130\u015flem sonras\u0131 birka\u00e7 g\u00fcn i\u00e7inde renk \u00f6nce koyula\u015f\u0131r ve sonras\u0131nda deri soyulmaya ba\u015flar. Cinsel hayat ile ilgili herhangi bir yasaklama yoktur.<\/span><\/span><\/span><\/p><h2 class=\"western\"><span style=\"color: #000000;\"><span style=\"font-family: Liberation Serif, serif;\"><span style=\"font-size: medium;\"><b>Lazerle Vajina Beyaztlatma Riskleri var m\u0131?<\/b><\/span><\/span><\/span><\/h2><p><span style=\"color: #000000;\"><span style=\"font-family: Liberation Serif, serif;\"><span style=\"font-size: medium;\">Lazerle vajina beyazlatma i\u015flemleri g\u00fcvenli ve tecr\u00fcbeli ellerde yap\u0131lmad\u0131\u011f\u0131 taktirde deride yan\u0131klar olu\u015fabilir. Doz ayarlamas\u0131 iyi yap\u0131lmaz ise istenen sonu\u00e7lar da al\u0131namamaktad\u0131r. Bu nedenle lazer yap\u0131lacak merkezin se\u00e7imi \u00f6nemlidir.<\/span><\/span><\/span><\/p><h2 class=\"western\"><span style=\"color: #000000;\"><span style=\"font-family: Liberation Serif, serif;\"><span style=\"font-size: medium;\"><b>Vajina beyazlatma kal\u0131c\u0131 m\u0131?<\/b><\/span><\/span><\/span><\/h2><p><span style=\"color: #000000;\"><span style=\"font-family: Liberation Serif, serif;\"><span style=\"font-size: medium;\">Vulvan\u0131n d\u0131\u015f etmenlere ve hormonlara duyarl\u0131 yap\u0131s\u0131ndan dolay\u0131 beyazlatma i\u015flemleri sonras\u0131 yeniden kararma olabilmektedir. \u0130\u015flem sonras\u0131nda bak\u0131m\u0131n \u00f6zenli bir \u015fekilde uygulanmas\u0131 yeniden koyula\u015fmay\u0131 geciktirecektir. Sa\u011fl\u0131kl\u0131 beslenme, spor yapma, pamuklu i\u00e7 \u00e7ama\u015f\u0131r\u0131 kullan\u0131m\u0131, kimyasal a\u011f\u0131rl\u0131kl\u0131 \u00fcr\u00fcnlerden uzak durma al\u0131nabilecek \u00f6nlemler aras\u0131ndad\u0131r.<\/span><\/span><\/span><\/p>\t\t\t\t\t\t\t\t<\/div>\n\t\t\t\t\t<\/div>\n\t\t<\/div>\n\t\t\t\t\t<\/div>\n\t\t<\/section>\n\t\t\t\t<\/div>\n\t\t","protected":false},"excerpt":{"rendered":"<p>Vajina Beyazlatma Vajina beyazlatma tabiri asl\u0131nda \u00e7ok do\u011fru de\u011fildir. \u00c7\u00fcnk\u00fc kad\u0131nlarda d\u0131\u015f genital b\u00f6lge \u2018vulva\u2019 olarak adland\u0131r\u0131l\u0131r. Vajina beyazlatma yerine, vulvar renk a\u00e7ma daha uygun bir terimdir. Vulva beyazlatma i\u015flemleri zamanla koyula\u015fan, esmerle\u015fen vulvan\u0131n koyulu\u011fu gidermek i\u00e7in yap\u0131lan tedavileri i\u00e7erir. T\u0131bbi olarak renk a\u00e7\u0131c\u0131 yani \u201chiperpigmentasyon\u201d tedavileri olarak ge\u00e7mektedir ve v\u00fccudun farkl\u0131 b\u00f6lgelerinde de uygulanabilmektedir. [&hellip;]<\/p>\n","protected":false},"author":1,"featured_media":0,"parent":0,"menu_order":0,"comment_status":"closed","ping_status":"closed","template":"","meta":{"footnotes":""},"class_list":["post-1636","page","type-page","status-publish","hentry"],"yoast_head":"<!-- This site is optimized with the Yoast SEO plugin v27.4 - https:\/\/yoast.com\/product\/yoast-seo-wordpress\/ -->\n<title>Vajina Beyazlatma - T\u00dcL\u0130N KAHVEC\u0130<\/title>\n<meta name=\"robots\" content=\"index, follow, max-snippet:-1, max-image-preview:large, max-video-preview:-1\" \/>\n<link rel=\"canonical\" href=\"https:\/\/tulinkahveci.com\/index.php\/vajina-beyazlatma\/\" \/>\n<meta property=\"og:locale\" content=\"tr_TR\" \/>\n<meta property=\"og:type\" content=\"article\" \/>\n<meta property=\"og:title\" content=\"Vajina Beyazlatma - T\u00dcL\u0130N KAHVEC\u0130\" \/>\n<meta property=\"og:description\" content=\"Vajina Beyazlatma Vajina beyazlatma tabiri asl\u0131nda \u00e7ok do\u011fru de\u011fildir. \u00c7\u00fcnk\u00fc kad\u0131nlarda d\u0131\u015f genital b\u00f6lge \u2018vulva\u2019 olarak adland\u0131r\u0131l\u0131r. Vajina beyazlatma yerine, vulvar renk a\u00e7ma daha uygun bir terimdir. Vulva beyazlatma i\u015flemleri zamanla koyula\u015fan, esmerle\u015fen vulvan\u0131n koyulu\u011fu gidermek i\u00e7in yap\u0131lan tedavileri i\u00e7erir. T\u0131bbi olarak renk a\u00e7\u0131c\u0131 yani \u201chiperpigmentasyon\u201d tedavileri olarak ge\u00e7mektedir ve v\u00fccudun farkl\u0131 b\u00f6lgelerinde de uygulanabilmektedir. [&hellip;]\" \/>\n<meta property=\"og:url\" content=\"https:\/\/tulinkahveci.com\/index.php\/vajina-beyazlatma\/\" \/>\n<meta property=\"og:site_name\" content=\"T\u00dcL\u0130N KAHVEC\u0130\" \/>\n<meta name=\"twitter:card\" content=\"summary_large_image\" \/>\n<meta name=\"twitter:label1\" content=\"Tahmini okuma s\u00fcresi\" \/>\n\t<meta name=\"twitter:data1\" content=\"4 dakika\" \/>\n<script type=\"application\/ld+json\" class=\"yoast-schema-graph\">{\"@context\":\"https:\\\/\\\/schema.org\",\"@graph\":[{\"@type\":\"WebPage\",\"@id\":\"https:\\\/\\\/tulinkahveci.com\\\/index.php\\\/vajina-beyazlatma\\\/\",\"url\":\"https:\\\/\\\/tulinkahveci.com\\\/index.php\\\/vajina-beyazlatma\\\/\",\"name\":\"Vajina Beyazlatma - T\u00dcL\u0130N KAHVEC\u0130\",\"isPartOf\":{\"@id\":\"https:\\\/\\\/tulinkahveci.com\\\/#website\"},\"datePublished\":\"2023-11-05T19:35:51+00:00\",\"breadcrumb\":{\"@id\":\"https:\\\/\\\/tulinkahveci.com\\\/index.php\\\/vajina-beyazlatma\\\/#breadcrumb\"},\"inLanguage\":\"tr\",\"potentialAction\":[{\"@type\":\"ReadAction\",\"target\":[\"https:\\\/\\\/tulinkahveci.com\\\/index.php\\\/vajina-beyazlatma\\\/\"]}]},{\"@type\":\"BreadcrumbList\",\"@id\":\"https:\\\/\\\/tulinkahveci.com\\\/index.php\\\/vajina-beyazlatma\\\/#breadcrumb\",\"itemListElement\":[{\"@type\":\"ListItem\",\"position\":1,\"name\":\"Anasayfa\",\"item\":\"https:\\\/\\\/tulinkahveci.com\\\/\"},{\"@type\":\"ListItem\",\"position\":2,\"name\":\"Vajina Beyazlatma\"}]},{\"@type\":\"WebSite\",\"@id\":\"https:\\\/\\\/tulinkahveci.com\\\/#website\",\"url\":\"https:\\\/\\\/tulinkahveci.com\\\/\",\"name\":\"T\u00dcL\u0130N KAHVEC\u0130\",\"description\":\"\",\"potentialAction\":[{\"@type\":\"SearchAction\",\"target\":{\"@type\":\"EntryPoint\",\"urlTemplate\":\"https:\\\/\\\/tulinkahveci.com\\\/?s={search_term_string}\"},\"query-input\":{\"@type\":\"PropertyValueSpecification\",\"valueRequired\":true,\"valueName\":\"search_term_string\"}}],\"inLanguage\":\"tr\"}]}<\/script>\n<!-- \/ Yoast SEO plugin. -->","yoast_head_json":{"title":"Vajina Beyazlatma - T\u00dcL\u0130N KAHVEC\u0130","robots":{"index":"index","follow":"follow","max-snippet":"max-snippet:-1","max-image-preview":"max-image-preview:large","max-video-preview":"max-video-preview:-1"},"canonical":"https:\/\/tulinkahveci.com\/index.php\/vajina-beyazlatma\/","og_locale":"tr_TR","og_type":"article","og_title":"Vajina Beyazlatma - T\u00dcL\u0130N KAHVEC\u0130","og_description":"Vajina Beyazlatma Vajina beyazlatma tabiri asl\u0131nda \u00e7ok do\u011fru de\u011fildir. \u00c7\u00fcnk\u00fc kad\u0131nlarda d\u0131\u015f genital b\u00f6lge \u2018vulva\u2019 olarak adland\u0131r\u0131l\u0131r. Vajina beyazlatma yerine, vulvar renk a\u00e7ma daha uygun bir terimdir. Vulva beyazlatma i\u015flemleri zamanla koyula\u015fan, esmerle\u015fen vulvan\u0131n koyulu\u011fu gidermek i\u00e7in yap\u0131lan tedavileri i\u00e7erir. T\u0131bbi olarak renk a\u00e7\u0131c\u0131 yani \u201chiperpigmentasyon\u201d tedavileri olarak ge\u00e7mektedir ve v\u00fccudun farkl\u0131 b\u00f6lgelerinde de uygulanabilmektedir. [&hellip;]","og_url":"https:\/\/tulinkahveci.com\/index.php\/vajina-beyazlatma\/","og_site_name":"T\u00dcL\u0130N KAHVEC\u0130","twitter_card":"summary_large_image","twitter_misc":{"Tahmini okuma s\u00fcresi":"4 dakika"},"schema":{"@context":"https:\/\/schema.org","@graph":[{"@type":"WebPage","@id":"https:\/\/tulinkahveci.com\/index.php\/vajina-beyazlatma\/","url":"https:\/\/tulinkahveci.com\/index.php\/vajina-beyazlatma\/","name":"Vajina Beyazlatma - T\u00dcL\u0130N KAHVEC\u0130","isPartOf":{"@id":"https:\/\/tulinkahveci.com\/#website"},"datePublished":"2023-11-05T19:35:51+00:00","breadcrumb":{"@id":"https:\/\/tulinkahveci.com\/index.php\/vajina-beyazlatma\/#breadcrumb"},"inLanguage":"tr","potentialAction":[{"@type":"ReadAction","target":["https:\/\/tulinkahveci.com\/index.php\/vajina-beyazlatma\/"]}]},{"@type":"BreadcrumbList","@id":"https:\/\/tulinkahveci.com\/index.php\/vajina-beyazlatma\/#breadcrumb","itemListElement":[{"@type":"ListItem","position":1,"name":"Anasayfa","item":"https:\/\/tulinkahveci.com\/"},{"@type":"ListItem","position":2,"name":"Vajina Beyazlatma"}]},{"@type":"WebSite","@id":"https:\/\/tulinkahveci.com\/#website","url":"https:\/\/tulinkahveci.com\/","name":"T\u00dcL\u0130N KAHVEC\u0130","description":"","potentialAction":[{"@type":"SearchAction","target":{"@type":"EntryPoint","urlTemplate":"https:\/\/tulinkahveci.com\/?s={search_term_string}"},"query-input":{"@type":"PropertyValueSpecification","valueRequired":true,"valueName":"search_term_string"}}],"inLanguage":"tr"}]}},"_links":{"self":[{"href":"https:\/\/tulinkahveci.com\/index.php\/wp-json\/wp\/v2\/pages\/1636","targetHints":{"allow":["GET"]}}],"collection":[{"href":"https:\/\/tulinkahveci.com\/index.php\/wp-json\/wp\/v2\/pages"}],"about":[{"href":"https:\/\/tulinkahveci.com\/index.php\/wp-json\/wp\/v2\/types\/page"}],"author":[{"embeddable":true,"href":"https:\/\/tulinkahveci.com\/index.php\/wp-json\/wp\/v2\/users\/1"}],"replies":[{"embeddable":true,"href":"https:\/\/tulinkahveci.com\/index.php\/wp-json\/wp\/v2\/comments?post=1636"}],"version-history":[{"count":0,"href":"https:\/\/tulinkahveci.com\/index.php\/wp-json\/wp\/v2\/pages\/1636\/revisions"}],"wp:attachment":[{"href":"https:\/\/tulinkahveci.com\/index.php\/wp-json\/wp\/v2\/media?parent=1636"}],"curies":[{"name":"wp","href":"https:\/\/api.w.org\/{rel}","templated":true}]}}