{"id":2080,"date":"2025-01-16T14:27:52","date_gmt":"2025-01-16T14:27:52","guid":{"rendered":"https:\/\/tulinkahveci.com\/?page_id=2080"},"modified":"2025-01-16T14:27:52","modified_gmt":"2025-01-16T14:27:52","slug":"on-alti-haftalik-hamilelik","status":"publish","type":"page","link":"https:\/\/tulinkahveci.com\/index.php\/on-alti-haftalik-hamilelik\/","title":{"rendered":"ON ALTI HAFTALIK HAM\u0130LEL\u0130K"},"content":{"rendered":"\t\t<div data-elementor-type=\"wp-page\" data-elementor-id=\"2080\" class=\"elementor elementor-2080\">\n\t\t\t\t\t\t<section class=\"elementor-section elementor-top-section elementor-element elementor-element-586fae1 elementor-section-boxed elementor-section-height-default elementor-section-height-default\" data-id=\"586fae1\" data-element_type=\"section\" data-e-type=\"section\">\n\t\t\t\t\t\t<div class=\"elementor-container elementor-column-gap-default\">\n\t\t\t\t\t<div class=\"aux-parallax-section elementor-column elementor-col-100 elementor-top-column elementor-element elementor-element-c9a530f\" data-id=\"c9a530f\" data-element_type=\"column\" data-e-type=\"column\">\n\t\t\t<div class=\"elementor-widget-wrap elementor-element-populated\">\n\t\t\t\t\t\t<div class=\"elementor-element elementor-element-e00bb97 elementor-widget elementor-widget-heading\" data-id=\"e00bb97\" data-element_type=\"widget\" data-e-type=\"widget\" data-widget_type=\"heading.default\">\n\t\t\t\t\t<h2 class=\"elementor-heading-title elementor-size-default\">ON ALTI HAFTALIK HAM\u0130LEL\u0130K<\/h2>\t\t\t\t<\/div>\n\t\t\t\t<div class=\"elementor-element elementor-element-958f91c elementor-widget elementor-widget-text-editor\" data-id=\"958f91c\" data-element_type=\"widget\" data-e-type=\"widget\" data-widget_type=\"text-editor.default\">\n\t\t\t\t\t\t\t\t\t<p><span style=\"font-family: Times New Roman, serif;\"><span style=\"font-size: large;\"><b>Hamileli\u011fin 16. haftas\u0131nda bebek:<\/b><\/span><\/span><span style=\"font-family: Times New Roman, serif;\"><span style=\"font-size: large;\"><br \/>16. gebelik haftas\u0131nda bebe\u011fin boyu yakla\u015f\u0131k 11-13,5 cm, a\u011f\u0131rl\u0131\u011f\u0131 100-200 gram kadard\u0131r.<br \/>On alt\u0131nc\u0131 haftada anne bebek hareketlerini hissetmeye ba\u015flayabilir ancak \u00f6zellikle ilk gebeliklerde bu daha ge\u00e7 olabilir ve 20. haftay\u0131 bulabilir o y\u00fczden hen\u00fcz hareketleri hissetmiyorsan\u0131z tela\u015f etmemelisiniz. <\/span><\/span><span style=\"font-family: Times New Roman, serif;\"><span style=\"font-size: large;\">Bebe\u011finiz \u00f6n\u00fcm\u00fczdeki birka\u00e7 hafta boyunca bir b\u00fcy\u00fcme d\u00f6nemi i\u00e7in haz\u0131rlan\u0131yor.\u00a0<\/span><\/span><span style=\"font-family: Times New Roman, serif;\"><span style=\"font-size: large;\">Bebe\u011fin bacaklar\u0131 art\u0131k kollar\u0131ndan daha uzundur ve s\u0131k s\u0131k hareket eder, art\u0131k hareketleri daha koordine ve g\u00fc\u00e7l\u00fcd\u00fcr. G\u00f6bek kordonunu tutabilir. Bebe\u011fin hareket edebilece\u011fi rahim i\u00e7erisindeki alan art\u0131k daha geni\u015ftir. Bebe\u011fin t\u0131rnaklar\u0131 iyice geli\u015fmi\u015ftir. <\/span><\/span><span style=\"font-family: Times New Roman, serif;\"><span style=\"font-size: large;\">Kulaklar ve g\u00f6zler de son pozisyonlar\u0131nda bulunur ve bebe\u011finize daha tan\u0131mlanabilir bir g\u00f6r\u00fcn\u00fcm verir. Bebe\u011finizin idrar ve dola\u015f\u0131m sistemleri de dahil olmak \u00fczere, daha karma\u015f\u0131k v\u00fccut sistemlerinden baz\u0131lar\u0131 da \u00e7al\u0131\u015fmaya ba\u015flar.\u00a0Bebe\u011finizin kalbi\u00a0<\/span><\/span><b><span style=\"font-family: Times New Roman, serif;\"><span style=\"font-size: large;\">g\u00fcnde<\/span><\/span><\/b><span style=\"font-family: Times New Roman, serif;\"><span style=\"font-size: large;\">\u00a0yakla\u015f\u0131k\u00a0<\/span><\/span><b><span style=\"font-family: Times New Roman, serif;\"><span style=\"font-size: large;\">25 litre kan<\/span><\/span><\/b><span style=\"font-family: Times New Roman, serif;\"><span style=\"font-size: large;\">\u00a0pompalar. <\/span><\/span><span style=\"font-family: Times New Roman, serif;\"><span style=\"font-size: large;\">Bebek kafas\u0131n\u0131 art\u0131k dik tutabilir. Bebe\u011fin k\u0131z veya erkek cinsiyeti bu haftalarda genellikle ultrasonografi ile tespit edilebilir. Bebe\u011fin cildi hala \u00e7ok incedir ve alt\u0131ndaki kan damarlar\u0131 g\u00f6r\u00fclebilir.<br \/><\/span><\/span><span style=\"font-family: Times New Roman, serif;\"><span style=\"font-size: large;\"><b>Hamileli\u011fin 16. haftas\u0131nda anne:<\/b><\/span><\/span><span style=\"font-family: Times New Roman, serif;\"><span style=\"font-size: large;\"><br \/>Hamileli\u011fin on alt\u0131nc\u0131 haftas\u0131nda baz\u0131 anne adaylar\u0131 bebek hareketlerini hissetmeye ba\u015flar,<\/span><\/span><span style=\"font-family: Times New Roman, serif;\"><span style=\"font-size: large;\"> bu\u00a0<\/span><\/span><span style=\"color: #0000ff;\"><a href=\"http:\/\/americanpregnancy.org\/while-pregnant\/first-fetal-movement\/\" target=\"\u0130lk Fetal Hareketi: H\u0131zlanma\"><span style=\"color: #000000;\"><span style=\"font-family: Times New Roman, serif;\"><span style=\"font-size: large;\">ilk hareketler<\/span><\/span><\/span><\/a><\/span><span style=\"font-family: Times New Roman, serif;\"><span style=\"font-size: large;\">\u00a0genellikle gaz kabarc\u0131\u011f\u0131 veya \u00e7\u0131rp\u0131nan bir his gibi hissedilir.<\/span><\/span><span style=\"font-family: Times New Roman, serif;\"><span style=\"font-size: large;\"> \u00d6zellikle ikinci ve sonraki gebeliklerde bu kadar erken hissedilmeye ba\u015flar. \u0130lk gebeliklerde bebek hareketlerinin hissedilmesi 20. hafta civar\u0131n\u0131 bulabilir. Fazla kilolu olmayan annelerin karn\u0131 d\u0131\u015far\u0131dan bakmakla hafif b\u00fcy\u00fcm\u00fc\u015f olarak g\u00f6r\u00fclebilir art\u0131k. On alt\u0131nc\u0131 hafta ile yirminci hafta aras\u0131<\/span><\/span><span style=\"font-size: large;\">\u00a0<\/span><span style=\"color: #0000ff;\"><a href=\"http:\/\/www.jinekolojivegebelik.com\/2012\/01\/uclu-tarama-testi-nedir.html\"><span style=\"color: #000000;\"><span style=\"font-family: Times New Roman, serif;\"><span style=\"font-size: large;\">\u00fc\u00e7l\u00fc test<\/span><\/span><\/span><\/a><\/span><span style=\"font-size: large;\">\u00a0<\/span><span style=\"font-family: Times New Roman, serif;\"><span style=\"font-size: large;\">ve<\/span><\/span><span style=\"font-size: large;\">\u00a0<\/span><span style=\"color: #0000ff;\"><a href=\"http:\/\/www.jinekolojivegebelik.com\/2012\/01\/dortlu-tarama-testi-nedir.html\"><span style=\"color: #000000;\"><span style=\"font-family: Times New Roman, serif;\"><span style=\"font-size: large;\">d\u00f6rtl\u00fc test<\/span><\/span><\/span><\/a><\/span><span style=\"font-size: large;\">\u00a0<\/span><span style=\"font-family: Times New Roman, serif;\"><span style=\"font-size: large;\">diye adland\u0131r\u0131lan testlerinin yap\u0131ld\u0131\u011f\u0131 d\u00f6nemdir. <br \/>Gebeli\u011fin ilk aylar\u0131nda oldu\u011fu gibi bu aylarda da doktorunuz taraf\u0131ndan \u00f6zel bir sak\u0131nca belirtilmemi\u015fse normalde cinsel ili\u015fki yasak de\u011fildir. Bu haftalarda baz\u0131 gebelerde cinsel istekte art\u0131\u015f olabilir.<\/span><\/span><\/p><p><span style=\"font-family: Times New Roman, serif;\"><span style=\"font-size: large;\">Hamileyken\u00a0<\/span><\/span><b><span style=\"font-family: Times New Roman, serif;\"><span style=\"font-size: large;\">kan hacminiz% 30-50 artar<\/span><\/span><\/b><span style=\"font-family: Times New Roman, serif;\"><span style=\"font-size: large;\">, bu da v\u00fccudunuzda daha fazla kan dola\u015f\u0131m\u0131na neden olur. Kan dola\u015f\u0131m\u0131ndaki bu art\u0131\u015f y\u00fcz\u00fcn\u00fcz\u00fcn daha parlak olmas\u0131na neden olur.\u00a0V\u00fccudunuz ayr\u0131ca ya\u011f bezlerinin a\u015f\u0131r\u0131 \u00e7al\u0131\u015fmas\u0131na ve y\u00fcz\u00fcn\u00fcz\u00fc parlak g\u00f6r\u00fcnmesine neden olan hormonlar \u00fcretiyor. Bunlar\u0131n ikisi de \u201c\u00a0<\/span><\/span><span style=\"color: #0000ff;\"><a href=\"http:\/\/americanpregnancy.org\/your-pregnancy\/pregnancy-glow\/\" target=\"Hamilelik k\u0131zd\u0131rma\"><span style=\"color: #000000;\"><span style=\"font-family: Times New Roman, serif;\"><span style=\"font-size: large;\">gebelik parlamas\u0131<\/span><\/span><\/span><\/a><\/span><span style=\"font-family: Times New Roman, serif;\"><span style=\"font-size: large;\">\u00a0\u201d ile sonu\u00e7lanabilir. Cildiniz \u00e7ok ya\u011fl\u0131 hale gelirse, y\u00fcz\u00fcn\u00fcz\u00fc temizlemek i\u00e7in ya\u011fs\u0131z bir temizleyici kullanabilirsiniz.\u00a0Bunun d\u0131\u015f\u0131nda, sadece g\u00fcl\u00fcmseyin ve \u0131\u015f\u0131\u011f\u0131n\u0131n tad\u0131n\u0131 \u00e7\u0131kar\u0131n!<\/span><\/span><\/p><p><span style=\"font-family: Times New Roman, serif;\"><span style=\"font-size: medium;\"><span style=\"font-size: large;\"><b>Babalar i\u00e7in;<\/b><\/span><span style=\"font-size: large;\"><br \/><\/span><span style=\"font-size: large;\">Anne \u00f6n\u00fcm\u00fczdeki birka\u00e7 hafta s\u00fcresince bebe\u011fin ilk hareketlerini hissetmeye ba\u015flayacak.\u00a0Bu anne ve \u00e7ocuk aras\u0131ndaki ba\u011f kurma deneyimini art\u0131rabilir, ancak bazen baba d\u0131\u015far\u0131da kalabilir.<\/span><\/span><\/span><\/p><p><span style=\"font-family: Times New Roman, serif;\"><span style=\"font-size: large;\">Sonunda, bebe\u011fi hareket ettirebilece\u011finizi siz de hissedeceksiniz, ancak o zamana kadar bebe\u011finizle g\u00fcnl\u00fck olarak konu\u015farak ba\u011f kurabilirsiniz.\u00a0Ne s\u00f6yleyece\u011finizden emin de\u011filseniz, bebe\u011finize kitap okuyabilir veya \u015fark\u0131 s\u00f6yleyebilirsiniz.<\/span><\/span><\/p>\t\t\t\t\t\t\t\t<\/div>\n\t\t\t\t\t<\/div>\n\t\t<\/div>\n\t\t\t\t\t<\/div>\n\t\t<\/section>\n\t\t\t\t<\/div>\n\t\t","protected":false},"excerpt":{"rendered":"<p>ON ALTI HAFTALIK HAM\u0130LEL\u0130K Hamileli\u011fin 16. haftas\u0131nda bebek:16. gebelik haftas\u0131nda bebe\u011fin boyu yakla\u015f\u0131k 11-13,5 cm, a\u011f\u0131rl\u0131\u011f\u0131 100-200 gram kadard\u0131r.On alt\u0131nc\u0131 haftada anne bebek hareketlerini hissetmeye ba\u015flayabilir ancak \u00f6zellikle ilk gebeliklerde bu daha ge\u00e7 olabilir ve 20. haftay\u0131 bulabilir o y\u00fczden hen\u00fcz hareketleri hissetmiyorsan\u0131z tela\u015f etmemelisiniz. Bebe\u011finiz \u00f6n\u00fcm\u00fczdeki birka\u00e7 hafta boyunca bir b\u00fcy\u00fcme d\u00f6nemi i\u00e7in haz\u0131rlan\u0131yor.\u00a0Bebe\u011fin [&hellip;]<\/p>\n","protected":false},"author":1,"featured_media":0,"parent":0,"menu_order":0,"comment_status":"closed","ping_status":"closed","template":"","meta":{"footnotes":""},"class_list":["post-2080","page","type-page","status-publish","hentry"],"yoast_head":"<!-- This site is optimized with the Yoast SEO plugin v27.4 - https:\/\/yoast.com\/product\/yoast-seo-wordpress\/ -->\n<title>ON ALTI HAFTALIK HAM\u0130LEL\u0130K - T\u00dcL\u0130N KAHVEC\u0130<\/title>\n<meta name=\"robots\" content=\"index, follow, max-snippet:-1, max-image-preview:large, max-video-preview:-1\" \/>\n<link rel=\"canonical\" href=\"https:\/\/tulinkahveci.com\/index.php\/on-alti-haftalik-hamilelik\/\" \/>\n<meta property=\"og:locale\" content=\"tr_TR\" \/>\n<meta property=\"og:type\" content=\"article\" \/>\n<meta property=\"og:title\" content=\"ON ALTI HAFTALIK HAM\u0130LEL\u0130K - T\u00dcL\u0130N KAHVEC\u0130\" \/>\n<meta property=\"og:description\" content=\"ON ALTI HAFTALIK HAM\u0130LEL\u0130K Hamileli\u011fin 16. haftas\u0131nda bebek:16. gebelik haftas\u0131nda bebe\u011fin boyu yakla\u015f\u0131k 11-13,5 cm, a\u011f\u0131rl\u0131\u011f\u0131 100-200 gram kadard\u0131r.On alt\u0131nc\u0131 haftada anne bebek hareketlerini hissetmeye ba\u015flayabilir ancak \u00f6zellikle ilk gebeliklerde bu daha ge\u00e7 olabilir ve 20. haftay\u0131 bulabilir o y\u00fczden hen\u00fcz hareketleri hissetmiyorsan\u0131z tela\u015f etmemelisiniz. Bebe\u011finiz \u00f6n\u00fcm\u00fczdeki birka\u00e7 hafta boyunca bir b\u00fcy\u00fcme d\u00f6nemi i\u00e7in haz\u0131rlan\u0131yor.\u00a0Bebe\u011fin [&hellip;]\" \/>\n<meta property=\"og:url\" content=\"https:\/\/tulinkahveci.com\/index.php\/on-alti-haftalik-hamilelik\/\" \/>\n<meta property=\"og:site_name\" content=\"T\u00dcL\u0130N KAHVEC\u0130\" \/>\n<meta name=\"twitter:card\" content=\"summary_large_image\" \/>\n<meta name=\"twitter:label1\" content=\"Tahmini okuma s\u00fcresi\" \/>\n\t<meta name=\"twitter:data1\" content=\"3 dakika\" \/>\n<script type=\"application\/ld+json\" class=\"yoast-schema-graph\">{\"@context\":\"https:\\\/\\\/schema.org\",\"@graph\":[{\"@type\":\"WebPage\",\"@id\":\"https:\\\/\\\/tulinkahveci.com\\\/index.php\\\/on-alti-haftalik-hamilelik\\\/\",\"url\":\"https:\\\/\\\/tulinkahveci.com\\\/index.php\\\/on-alti-haftalik-hamilelik\\\/\",\"name\":\"ON ALTI HAFTALIK HAM\u0130LEL\u0130K - T\u00dcL\u0130N KAHVEC\u0130\",\"isPartOf\":{\"@id\":\"https:\\\/\\\/tulinkahveci.com\\\/#website\"},\"datePublished\":\"2025-01-16T14:27:52+00:00\",\"breadcrumb\":{\"@id\":\"https:\\\/\\\/tulinkahveci.com\\\/index.php\\\/on-alti-haftalik-hamilelik\\\/#breadcrumb\"},\"inLanguage\":\"tr\",\"potentialAction\":[{\"@type\":\"ReadAction\",\"target\":[\"https:\\\/\\\/tulinkahveci.com\\\/index.php\\\/on-alti-haftalik-hamilelik\\\/\"]}]},{\"@type\":\"BreadcrumbList\",\"@id\":\"https:\\\/\\\/tulinkahveci.com\\\/index.php\\\/on-alti-haftalik-hamilelik\\\/#breadcrumb\",\"itemListElement\":[{\"@type\":\"ListItem\",\"position\":1,\"name\":\"Anasayfa\",\"item\":\"https:\\\/\\\/tulinkahveci.com\\\/\"},{\"@type\":\"ListItem\",\"position\":2,\"name\":\"ON ALTI HAFTALIK HAM\u0130LEL\u0130K\"}]},{\"@type\":\"WebSite\",\"@id\":\"https:\\\/\\\/tulinkahveci.com\\\/#website\",\"url\":\"https:\\\/\\\/tulinkahveci.com\\\/\",\"name\":\"T\u00dcL\u0130N KAHVEC\u0130\",\"description\":\"\",\"potentialAction\":[{\"@type\":\"SearchAction\",\"target\":{\"@type\":\"EntryPoint\",\"urlTemplate\":\"https:\\\/\\\/tulinkahveci.com\\\/?s={search_term_string}\"},\"query-input\":{\"@type\":\"PropertyValueSpecification\",\"valueRequired\":true,\"valueName\":\"search_term_string\"}}],\"inLanguage\":\"tr\"}]}<\/script>\n<!-- \/ Yoast SEO plugin. -->","yoast_head_json":{"title":"ON ALTI HAFTALIK HAM\u0130LEL\u0130K - T\u00dcL\u0130N KAHVEC\u0130","robots":{"index":"index","follow":"follow","max-snippet":"max-snippet:-1","max-image-preview":"max-image-preview:large","max-video-preview":"max-video-preview:-1"},"canonical":"https:\/\/tulinkahveci.com\/index.php\/on-alti-haftalik-hamilelik\/","og_locale":"tr_TR","og_type":"article","og_title":"ON ALTI HAFTALIK HAM\u0130LEL\u0130K - T\u00dcL\u0130N KAHVEC\u0130","og_description":"ON ALTI HAFTALIK HAM\u0130LEL\u0130K Hamileli\u011fin 16. haftas\u0131nda bebek:16. gebelik haftas\u0131nda bebe\u011fin boyu yakla\u015f\u0131k 11-13,5 cm, a\u011f\u0131rl\u0131\u011f\u0131 100-200 gram kadard\u0131r.On alt\u0131nc\u0131 haftada anne bebek hareketlerini hissetmeye ba\u015flayabilir ancak \u00f6zellikle ilk gebeliklerde bu daha ge\u00e7 olabilir ve 20. haftay\u0131 bulabilir o y\u00fczden hen\u00fcz hareketleri hissetmiyorsan\u0131z tela\u015f etmemelisiniz. Bebe\u011finiz \u00f6n\u00fcm\u00fczdeki birka\u00e7 hafta boyunca bir b\u00fcy\u00fcme d\u00f6nemi i\u00e7in haz\u0131rlan\u0131yor.\u00a0Bebe\u011fin [&hellip;]","og_url":"https:\/\/tulinkahveci.com\/index.php\/on-alti-haftalik-hamilelik\/","og_site_name":"T\u00dcL\u0130N KAHVEC\u0130","twitter_card":"summary_large_image","twitter_misc":{"Tahmini okuma s\u00fcresi":"3 dakika"},"schema":{"@context":"https:\/\/schema.org","@graph":[{"@type":"WebPage","@id":"https:\/\/tulinkahveci.com\/index.php\/on-alti-haftalik-hamilelik\/","url":"https:\/\/tulinkahveci.com\/index.php\/on-alti-haftalik-hamilelik\/","name":"ON ALTI HAFTALIK HAM\u0130LEL\u0130K - T\u00dcL\u0130N KAHVEC\u0130","isPartOf":{"@id":"https:\/\/tulinkahveci.com\/#website"},"datePublished":"2025-01-16T14:27:52+00:00","breadcrumb":{"@id":"https:\/\/tulinkahveci.com\/index.php\/on-alti-haftalik-hamilelik\/#breadcrumb"},"inLanguage":"tr","potentialAction":[{"@type":"ReadAction","target":["https:\/\/tulinkahveci.com\/index.php\/on-alti-haftalik-hamilelik\/"]}]},{"@type":"BreadcrumbList","@id":"https:\/\/tulinkahveci.com\/index.php\/on-alti-haftalik-hamilelik\/#breadcrumb","itemListElement":[{"@type":"ListItem","position":1,"name":"Anasayfa","item":"https:\/\/tulinkahveci.com\/"},{"@type":"ListItem","position":2,"name":"ON ALTI HAFTALIK HAM\u0130LEL\u0130K"}]},{"@type":"WebSite","@id":"https:\/\/tulinkahveci.com\/#website","url":"https:\/\/tulinkahveci.com\/","name":"T\u00dcL\u0130N KAHVEC\u0130","description":"","potentialAction":[{"@type":"SearchAction","target":{"@type":"EntryPoint","urlTemplate":"https:\/\/tulinkahveci.com\/?s={search_term_string}"},"query-input":{"@type":"PropertyValueSpecification","valueRequired":true,"valueName":"search_term_string"}}],"inLanguage":"tr"}]}},"_links":{"self":[{"href":"https:\/\/tulinkahveci.com\/index.php\/wp-json\/wp\/v2\/pages\/2080","targetHints":{"allow":["GET"]}}],"collection":[{"href":"https:\/\/tulinkahveci.com\/index.php\/wp-json\/wp\/v2\/pages"}],"about":[{"href":"https:\/\/tulinkahveci.com\/index.php\/wp-json\/wp\/v2\/types\/page"}],"author":[{"embeddable":true,"href":"https:\/\/tulinkahveci.com\/index.php\/wp-json\/wp\/v2\/users\/1"}],"replies":[{"embeddable":true,"href":"https:\/\/tulinkahveci.com\/index.php\/wp-json\/wp\/v2\/comments?post=2080"}],"version-history":[{"count":0,"href":"https:\/\/tulinkahveci.com\/index.php\/wp-json\/wp\/v2\/pages\/2080\/revisions"}],"wp:attachment":[{"href":"https:\/\/tulinkahveci.com\/index.php\/wp-json\/wp\/v2\/media?parent=2080"}],"curies":[{"name":"wp","href":"https:\/\/api.w.org\/{rel}","templated":true}]}}