{"id":2118,"date":"2025-01-16T14:24:35","date_gmt":"2025-01-16T14:24:35","guid":{"rendered":"https:\/\/tulinkahveci.com\/?page_id=2118"},"modified":"2025-01-16T14:24:35","modified_gmt":"2025-01-16T14:24:35","slug":"yirmi-bes-haftalik-hamilelik","status":"publish","type":"page","link":"https:\/\/tulinkahveci.com\/index.php\/yirmi-bes-haftalik-hamilelik\/","title":{"rendered":"Y\u0130RM\u0130 BE\u015e HAFTALIK HAM\u0130LEL\u0130K"},"content":{"rendered":"\t\t<div data-elementor-type=\"wp-page\" data-elementor-id=\"2118\" class=\"elementor elementor-2118\">\n\t\t\t\t\t\t<section class=\"elementor-section elementor-top-section elementor-element elementor-element-f56bc8b elementor-section-boxed elementor-section-height-default elementor-section-height-default\" data-id=\"f56bc8b\" data-element_type=\"section\" data-e-type=\"section\">\n\t\t\t\t\t\t<div class=\"elementor-container elementor-column-gap-default\">\n\t\t\t\t\t<div class=\"aux-parallax-section elementor-column elementor-col-100 elementor-top-column elementor-element elementor-element-c2685fd\" data-id=\"c2685fd\" data-element_type=\"column\" data-e-type=\"column\">\n\t\t\t<div class=\"elementor-widget-wrap elementor-element-populated\">\n\t\t\t\t\t\t<div class=\"elementor-element elementor-element-eb8834a elementor-widget elementor-widget-heading\" data-id=\"eb8834a\" data-element_type=\"widget\" data-e-type=\"widget\" data-widget_type=\"heading.default\">\n\t\t\t\t\t<h2 class=\"elementor-heading-title elementor-size-default\">Y\u0130RM\u0130 BE\u015e HAFTALIK HAM\u0130LEL\u0130K<\/h2>\t\t\t\t<\/div>\n\t\t\t\t<div class=\"elementor-element elementor-element-779497c elementor-widget elementor-widget-text-editor\" data-id=\"779497c\" data-element_type=\"widget\" data-e-type=\"widget\" data-widget_type=\"text-editor.default\">\n\t\t\t\t\t\t\t\t\t<p><span style=\"font-family: Times New Roman, serif;\"><span style=\"font-size: large;\"><b>Hamileli\u011fin 25. haftas\u0131nda bebek:<\/b><\/span><\/span><span style=\"font-family: Times New Roman, serif;\"><span style=\"font-size: large;\"><br \/>25. gebelik haftas\u0131nda bebe\u011fin boyu yakla\u015f\u0131k 34 cm, a\u011f\u0131rl\u0131\u011f\u0131 650 gram kadard\u0131r.<br \/>Yirmi be\u015finci hafta civar\u0131nda bebe\u011fin omurilik (vertebra) yap\u0131lar\u0131 kemik, eklem ve ba\u011flar\u0131yla \u015fekillenmeye ba\u015flar. Akci\u011ferlerdeki kan damarlar\u0131 geli\u015fir. Burun delikleri a\u00e7\u0131k hale gelir. Kemikleri \u015fekillenmeye devam eder.<br \/>Bu haftada bebek annesinin sesini duyabilir ve buna tepki olarak hareket edebilir. <\/span><\/span><span style=\"font-family: Times New Roman, serif;\"><span style=\"font-size: large;\">Bebe\u011finiz o kadar b\u00fcy\u00fck g\u00f6r\u00fcnmese de, yava\u015f yava\u015f ya\u011flar\u0131 al\u0131yor.\u00a0Bu da bebe\u011finizin daha az buru\u015fuk g\u00f6r\u00fcnmesine yard\u0131mc\u0131 olacakt\u0131r.\u00a0<\/span><\/span><\/p><p><span style=\"font-family: Times New Roman, serif;\"><span style=\"font-size: large;\"><b>Hamileli\u011fin 25. haftas\u0131nda anne:<\/b><\/span><\/span><\/p><p><span style=\"font-family: Times New Roman, serif;\"><span style=\"font-size: large;\">Rahiminiz yakla\u015f\u0131k olarak bir futbol topu b\u00fcy\u00fckl\u00fc\u011f\u00fcndedir ve uterusunuzun \u00fcst k\u0131sm\u0131 g\u00f6bek deli\u011finiz ve sternumun alt k\u0131sm\u0131 aras\u0131nda hissedilebilir.<\/span><\/span><\/p><p><span style=\"font-family: Times New Roman, serif;\"><span style=\"font-size: large;\"><b>Babalar i\u00e7in;<\/b><\/span><\/span><\/p><p><span style=\"font-family: Times New Roman, serif;\"><span style=\"font-size: large;\">Bebe\u011finiz i\u00e7in isim \u00f6nerilerinizi e\u015finiz ile payla\u015fabilirsiniz.<\/span><\/span><\/p>\t\t\t\t\t\t\t\t<\/div>\n\t\t\t\t\t<\/div>\n\t\t<\/div>\n\t\t\t\t\t<\/div>\n\t\t<\/section>\n\t\t\t\t<\/div>\n\t\t","protected":false},"excerpt":{"rendered":"<p>Y\u0130RM\u0130 BE\u015e HAFTALIK HAM\u0130LEL\u0130K Hamileli\u011fin 25. haftas\u0131nda bebek:25. gebelik haftas\u0131nda bebe\u011fin boyu yakla\u015f\u0131k 34 cm, a\u011f\u0131rl\u0131\u011f\u0131 650 gram kadard\u0131r.Yirmi be\u015finci hafta civar\u0131nda bebe\u011fin omurilik (vertebra) yap\u0131lar\u0131 kemik, eklem ve ba\u011flar\u0131yla \u015fekillenmeye ba\u015flar. Akci\u011ferlerdeki kan damarlar\u0131 geli\u015fir. Burun delikleri a\u00e7\u0131k hale gelir. Kemikleri \u015fekillenmeye devam eder.Bu haftada bebek annesinin sesini duyabilir ve buna tepki olarak hareket [&hellip;]<\/p>\n","protected":false},"author":1,"featured_media":0,"parent":0,"menu_order":0,"comment_status":"closed","ping_status":"closed","template":"","meta":{"footnotes":""},"class_list":["post-2118","page","type-page","status-publish","hentry"],"yoast_head":"<!-- This site is optimized with the Yoast SEO plugin v27.4 - https:\/\/yoast.com\/product\/yoast-seo-wordpress\/ -->\n<title>Y\u0130RM\u0130 BE\u015e HAFTALIK HAM\u0130LEL\u0130K - T\u00dcL\u0130N KAHVEC\u0130<\/title>\n<meta name=\"description\" content=\"Bu haftada bebek annesinin sesini duyabilir ve buna tepki olarak hareket edebilir.\" \/>\n<meta name=\"robots\" content=\"index, follow, max-snippet:-1, max-image-preview:large, max-video-preview:-1\" \/>\n<link rel=\"canonical\" href=\"https:\/\/tulinkahveci.com\/index.php\/yirmi-bes-haftalik-hamilelik\/\" \/>\n<meta property=\"og:locale\" content=\"tr_TR\" \/>\n<meta property=\"og:type\" content=\"article\" \/>\n<meta property=\"og:title\" content=\"Y\u0130RM\u0130 BE\u015e HAFTALIK HAM\u0130LEL\u0130K - T\u00dcL\u0130N KAHVEC\u0130\" \/>\n<meta property=\"og:description\" content=\"Bu haftada bebek annesinin sesini duyabilir ve buna tepki olarak hareket edebilir.\" \/>\n<meta property=\"og:url\" content=\"https:\/\/tulinkahveci.com\/index.php\/yirmi-bes-haftalik-hamilelik\/\" \/>\n<meta property=\"og:site_name\" content=\"T\u00dcL\u0130N KAHVEC\u0130\" \/>\n<meta name=\"twitter:card\" content=\"summary_large_image\" \/>\n<meta name=\"twitter:label1\" content=\"Tahmini okuma s\u00fcresi\" \/>\n\t<meta name=\"twitter:data1\" content=\"1 dakika\" \/>\n<script type=\"application\/ld+json\" class=\"yoast-schema-graph\">{\"@context\":\"https:\\\/\\\/schema.org\",\"@graph\":[{\"@type\":\"WebPage\",\"@id\":\"https:\\\/\\\/tulinkahveci.com\\\/index.php\\\/yirmi-bes-haftalik-hamilelik\\\/\",\"url\":\"https:\\\/\\\/tulinkahveci.com\\\/index.php\\\/yirmi-bes-haftalik-hamilelik\\\/\",\"name\":\"Y\u0130RM\u0130 BE\u015e HAFTALIK HAM\u0130LEL\u0130K - T\u00dcL\u0130N KAHVEC\u0130\",\"isPartOf\":{\"@id\":\"https:\\\/\\\/tulinkahveci.com\\\/#website\"},\"datePublished\":\"2025-01-16T14:24:35+00:00\",\"description\":\"Bu haftada bebek annesinin sesini duyabilir ve buna tepki olarak hareket edebilir.\",\"breadcrumb\":{\"@id\":\"https:\\\/\\\/tulinkahveci.com\\\/index.php\\\/yirmi-bes-haftalik-hamilelik\\\/#breadcrumb\"},\"inLanguage\":\"tr\",\"potentialAction\":[{\"@type\":\"ReadAction\",\"target\":[\"https:\\\/\\\/tulinkahveci.com\\\/index.php\\\/yirmi-bes-haftalik-hamilelik\\\/\"]}]},{\"@type\":\"BreadcrumbList\",\"@id\":\"https:\\\/\\\/tulinkahveci.com\\\/index.php\\\/yirmi-bes-haftalik-hamilelik\\\/#breadcrumb\",\"itemListElement\":[{\"@type\":\"ListItem\",\"position\":1,\"name\":\"Anasayfa\",\"item\":\"https:\\\/\\\/tulinkahveci.com\\\/\"},{\"@type\":\"ListItem\",\"position\":2,\"name\":\"Y\u0130RM\u0130 BE\u015e HAFTALIK HAM\u0130LEL\u0130K\"}]},{\"@type\":\"WebSite\",\"@id\":\"https:\\\/\\\/tulinkahveci.com\\\/#website\",\"url\":\"https:\\\/\\\/tulinkahveci.com\\\/\",\"name\":\"T\u00dcL\u0130N KAHVEC\u0130\",\"description\":\"\",\"potentialAction\":[{\"@type\":\"SearchAction\",\"target\":{\"@type\":\"EntryPoint\",\"urlTemplate\":\"https:\\\/\\\/tulinkahveci.com\\\/?s={search_term_string}\"},\"query-input\":{\"@type\":\"PropertyValueSpecification\",\"valueRequired\":true,\"valueName\":\"search_term_string\"}}],\"inLanguage\":\"tr\"}]}<\/script>\n<!-- \/ Yoast SEO plugin. -->","yoast_head_json":{"title":"Y\u0130RM\u0130 BE\u015e HAFTALIK HAM\u0130LEL\u0130K - T\u00dcL\u0130N KAHVEC\u0130","description":"Bu haftada bebek annesinin sesini duyabilir ve buna tepki olarak hareket edebilir.","robots":{"index":"index","follow":"follow","max-snippet":"max-snippet:-1","max-image-preview":"max-image-preview:large","max-video-preview":"max-video-preview:-1"},"canonical":"https:\/\/tulinkahveci.com\/index.php\/yirmi-bes-haftalik-hamilelik\/","og_locale":"tr_TR","og_type":"article","og_title":"Y\u0130RM\u0130 BE\u015e HAFTALIK HAM\u0130LEL\u0130K - T\u00dcL\u0130N KAHVEC\u0130","og_description":"Bu haftada bebek annesinin sesini duyabilir ve buna tepki olarak hareket edebilir.","og_url":"https:\/\/tulinkahveci.com\/index.php\/yirmi-bes-haftalik-hamilelik\/","og_site_name":"T\u00dcL\u0130N KAHVEC\u0130","twitter_card":"summary_large_image","twitter_misc":{"Tahmini okuma s\u00fcresi":"1 dakika"},"schema":{"@context":"https:\/\/schema.org","@graph":[{"@type":"WebPage","@id":"https:\/\/tulinkahveci.com\/index.php\/yirmi-bes-haftalik-hamilelik\/","url":"https:\/\/tulinkahveci.com\/index.php\/yirmi-bes-haftalik-hamilelik\/","name":"Y\u0130RM\u0130 BE\u015e HAFTALIK HAM\u0130LEL\u0130K - T\u00dcL\u0130N KAHVEC\u0130","isPartOf":{"@id":"https:\/\/tulinkahveci.com\/#website"},"datePublished":"2025-01-16T14:24:35+00:00","description":"Bu haftada bebek annesinin sesini duyabilir ve buna tepki olarak hareket edebilir.","breadcrumb":{"@id":"https:\/\/tulinkahveci.com\/index.php\/yirmi-bes-haftalik-hamilelik\/#breadcrumb"},"inLanguage":"tr","potentialAction":[{"@type":"ReadAction","target":["https:\/\/tulinkahveci.com\/index.php\/yirmi-bes-haftalik-hamilelik\/"]}]},{"@type":"BreadcrumbList","@id":"https:\/\/tulinkahveci.com\/index.php\/yirmi-bes-haftalik-hamilelik\/#breadcrumb","itemListElement":[{"@type":"ListItem","position":1,"name":"Anasayfa","item":"https:\/\/tulinkahveci.com\/"},{"@type":"ListItem","position":2,"name":"Y\u0130RM\u0130 BE\u015e HAFTALIK HAM\u0130LEL\u0130K"}]},{"@type":"WebSite","@id":"https:\/\/tulinkahveci.com\/#website","url":"https:\/\/tulinkahveci.com\/","name":"T\u00dcL\u0130N KAHVEC\u0130","description":"","potentialAction":[{"@type":"SearchAction","target":{"@type":"EntryPoint","urlTemplate":"https:\/\/tulinkahveci.com\/?s={search_term_string}"},"query-input":{"@type":"PropertyValueSpecification","valueRequired":true,"valueName":"search_term_string"}}],"inLanguage":"tr"}]}},"_links":{"self":[{"href":"https:\/\/tulinkahveci.com\/index.php\/wp-json\/wp\/v2\/pages\/2118","targetHints":{"allow":["GET"]}}],"collection":[{"href":"https:\/\/tulinkahveci.com\/index.php\/wp-json\/wp\/v2\/pages"}],"about":[{"href":"https:\/\/tulinkahveci.com\/index.php\/wp-json\/wp\/v2\/types\/page"}],"author":[{"embeddable":true,"href":"https:\/\/tulinkahveci.com\/index.php\/wp-json\/wp\/v2\/users\/1"}],"replies":[{"embeddable":true,"href":"https:\/\/tulinkahveci.com\/index.php\/wp-json\/wp\/v2\/comments?post=2118"}],"version-history":[{"count":0,"href":"https:\/\/tulinkahveci.com\/index.php\/wp-json\/wp\/v2\/pages\/2118\/revisions"}],"wp:attachment":[{"href":"https:\/\/tulinkahveci.com\/index.php\/wp-json\/wp\/v2\/media?parent=2118"}],"curies":[{"name":"wp","href":"https:\/\/api.w.org\/{rel}","templated":true}]}}