{"id":2142,"date":"2025-01-16T14:23:03","date_gmt":"2025-01-16T14:23:03","guid":{"rendered":"https:\/\/tulinkahveci.com\/?page_id=2142"},"modified":"2025-01-16T14:23:03","modified_gmt":"2025-01-16T14:23:03","slug":"yirmi-dokuz-haftalik-hamilelik","status":"publish","type":"page","link":"https:\/\/tulinkahveci.com\/index.php\/yirmi-dokuz-haftalik-hamilelik\/","title":{"rendered":"Y\u0130RM\u0130 DOKUZ HAFTALIK HAM\u0130LEL\u0130K"},"content":{"rendered":"\t\t<div data-elementor-type=\"wp-page\" data-elementor-id=\"2142\" class=\"elementor elementor-2142\">\n\t\t\t\t\t\t<section class=\"elementor-section elementor-top-section elementor-element elementor-element-e0ec996 elementor-section-boxed elementor-section-height-default elementor-section-height-default\" data-id=\"e0ec996\" data-element_type=\"section\" data-e-type=\"section\">\n\t\t\t\t\t\t<div class=\"elementor-container elementor-column-gap-default\">\n\t\t\t\t\t<div class=\"aux-parallax-section elementor-column elementor-col-100 elementor-top-column elementor-element elementor-element-0983284\" data-id=\"0983284\" data-element_type=\"column\" data-e-type=\"column\">\n\t\t\t<div class=\"elementor-widget-wrap elementor-element-populated\">\n\t\t\t\t\t\t<div class=\"elementor-element elementor-element-0bf1991 elementor-widget elementor-widget-heading\" data-id=\"0bf1991\" data-element_type=\"widget\" data-e-type=\"widget\" data-widget_type=\"heading.default\">\n\t\t\t\t\t<h2 class=\"elementor-heading-title elementor-size-default\">Y\u0130RM\u0130 DOKUZ HAFTALIK HAM\u0130LEL\u0130K <\/h2>\t\t\t\t<\/div>\n\t\t\t\t<div class=\"elementor-element elementor-element-b76dc66 elementor-widget elementor-widget-text-editor\" data-id=\"b76dc66\" data-element_type=\"widget\" data-e-type=\"widget\" data-widget_type=\"text-editor.default\">\n\t\t\t\t\t\t\t\t\t<p><span style=\"color: #000000;\"><span style=\"font-family: Times New Roman, serif;\"><span style=\"font-size: large;\"><b>Hamileli\u011fin 29. haftas\u0131nda bebek:<\/b><\/span><\/span><\/span><span style=\"color: #000000;\"><span style=\"font-family: Times New Roman, serif;\"><span style=\"font-size: large;\"><br \/>29. gebelik haftas\u0131nda bebe\u011fin boyu yakla\u015f\u0131k 37-39 cm, a\u011f\u0131rl\u0131\u011f\u0131 1150-1250 gram kadard\u0131r.<br \/>Bebe\u011finiz h\u0131zla b\u00fcy\u00fcyor, daha do\u011frusu kilo al\u0131yor. Kaslar\u0131 ve akci\u011feri olgunla\u015fmaya devam ediyor. 28. haftada ba\u015flayan h\u0131zl\u0131 beyin geli\u015fimi nedeniyle bebe\u011finizin kafas\u0131 da b\u00fcy\u00fcyor. Bebe\u011fin beyni art\u0131k solunum, v\u00fccut \u0131s\u0131s\u0131 gibi ya\u015famsal olaylar\u0131 kontrol edebilecek kadar geli\u015fmi\u015ftir. Cilt alt\u0131nda ya\u011f dokusu artmaya devam eder. G\u00f6zlerini sa\u011fa sola hareket ettirebilir. Di\u015f etleri geli\u015fmi\u015ftir. Bebek bu haftalarda art\u0131k \u0131\u015f\u0131k, ses, koku ve tat gibi duyular\u0131 daha iyi alg\u0131layabilir. Ancak su i\u00e7erisinde oldu\u011fu i\u00e7in ses ve \u0131\u015f\u0131\u011f\u0131 d\u0131\u015far\u0131daki bir bebek kadar net alg\u0131layamaz. Kafas\u0131n\u0131 \u0131\u015f\u0131k gelen tarafa do\u011fru \u00e7evirebilir. Kemik ili\u011fi kan h\u00fccreleri yap\u0131m\u0131n\u0131 tamamen ger\u00e7ekle\u015ftirebilir hale gelmi\u015ftir. Bebek her g\u00fcn yar\u0131m litre idrar yapar ve bu idrar amnion s\u0131v\u0131s\u0131na kar\u0131\u015f\u0131r.<br \/><\/span><\/span><\/span><span style=\"color: #000000;\"><span style=\"font-family: Times New Roman, serif;\"><span style=\"font-size: large;\"><b>Hamileli\u011fin 29. haftas\u0131nda anne:<\/b><\/span><\/span><\/span><span style=\"color: #000000;\"><span style=\"font-family: Times New Roman, serif;\"><span style=\"font-size: large;\"><br \/>Bu son aylarda rahim kar\u0131nda iyice yukar\u0131 \u00e7\u0131kt\u0131\u011f\u0131 i\u00e7in mideye bask\u0131 yapma ve bu y\u00fczden fazla yemek yendi\u011finde rahats\u0131z olma gibi \u015fikayetler meydana gelebilir, bu nedenle az az fakat s\u0131k aral\u0131klarla yemek yemek faydal\u0131 olabilir. Kab\u0131zl\u0131k son aylarda s\u0131k g\u00f6r\u00fclen bir belirtidir ve doktorunuz gebelikte kullan\u0131labilen baz\u0131 ila\u00e7larla rahatlaman\u0131z\u0131 sa\u011flayacakt\u0131r, ayr\u0131ca bol sebzeli yemekler yemek ve bol su i\u00e7mek de i\u015fe yarar. Bol meyve yemekten ka\u00e7\u0131nmak gerekir \u00e7\u00fcnk\u00fc fazla \u015feker i\u00e7erir. \u0130shal ise hamilelikte asla normal bir bulgu de\u011fildir, hamileli\u011fin her ay\u0131nda ishal anormal kabul edilen bir durumdur ve doktor muayenesi gerektirir. G\u00fcn i\u00e7erisinde \u00e7ok s\u0131k b\u00fcy\u00fck abdeste \u00e7\u0131k\u0131yorsan\u0131z ve d\u0131\u015fk\u0131 sulu ile mutlaka muayene olmal\u0131s\u0131n\u0131z.<\/span><\/span><\/span><\/p><p><span style=\"color: #000000;\"><span style=\"font-family: Times New Roman, serif;\"><span style=\"font-size: large;\"><b>Babalar i\u00e7in;<\/b><\/span><\/span><\/span><\/p><p><span style=\"color: #333333;\"><span style=\"font-family: Times New Roman, serif;\"><span style=\"font-size: large;\">E\u015finiz do\u011fum eylemi ile nas\u0131l ba\u015fa \u00e7\u0131k\u0131laca\u011f\u0131na ve do\u011fum s\u0131ras\u0131nda yan\u0131nda kimlerin bulunaca\u011f\u0131na dair planlar yaparken, \u015fimdi do\u011fum s\u0131ras\u0131nda hangi rolde olmas\u0131n\u0131 istedi\u011finizi tart\u0131\u015fman\u0131n zaman\u0131 geldi.\u00a0\u0130\u015f orta\u011f\u0131 olarak tek destek sorumlusu olabilirsiniz ya da emek s\u00fcreciniz boyunca ikinize yard\u0131mc\u0131 olmak i\u00e7in birini ayarlayabilirsiniz.<\/span><\/span><\/span><\/p>\t\t\t\t\t\t\t\t<\/div>\n\t\t\t\t\t<\/div>\n\t\t<\/div>\n\t\t\t\t\t<\/div>\n\t\t<\/section>\n\t\t\t\t<\/div>\n\t\t","protected":false},"excerpt":{"rendered":"<p>Y\u0130RM\u0130 DOKUZ HAFTALIK HAM\u0130LEL\u0130K Hamileli\u011fin 29. haftas\u0131nda bebek:29. gebelik haftas\u0131nda bebe\u011fin boyu yakla\u015f\u0131k 37-39 cm, a\u011f\u0131rl\u0131\u011f\u0131 1150-1250 gram kadard\u0131r.Bebe\u011finiz h\u0131zla b\u00fcy\u00fcyor, daha do\u011frusu kilo al\u0131yor. Kaslar\u0131 ve akci\u011feri olgunla\u015fmaya devam ediyor. 28. haftada ba\u015flayan h\u0131zl\u0131 beyin geli\u015fimi nedeniyle bebe\u011finizin kafas\u0131 da b\u00fcy\u00fcyor. Bebe\u011fin beyni art\u0131k solunum, v\u00fccut \u0131s\u0131s\u0131 gibi ya\u015famsal olaylar\u0131 kontrol edebilecek kadar geli\u015fmi\u015ftir. [&hellip;]<\/p>\n","protected":false},"author":1,"featured_media":0,"parent":0,"menu_order":0,"comment_status":"closed","ping_status":"closed","template":"","meta":{"footnotes":""},"class_list":["post-2142","page","type-page","status-publish","hentry"],"yoast_head":"<!-- This site is optimized with the Yoast SEO plugin v27.4 - https:\/\/yoast.com\/product\/yoast-seo-wordpress\/ -->\n<title>Y\u0130RM\u0130 DOKUZ HAFTALIK HAM\u0130LEL\u0130K - T\u00dcL\u0130N KAHVEC\u0130<\/title>\n<meta name=\"description\" content=\"Bebe\u011fin beyni bu haftada solunum, v\u00fccut \u0131s\u0131s\u0131 gibi ya\u015famsal olaylar\u0131 kontrol edebilecek kadar geli\u015fmi\u015ftir.\" \/>\n<meta name=\"robots\" content=\"index, follow, max-snippet:-1, max-image-preview:large, max-video-preview:-1\" \/>\n<link rel=\"canonical\" href=\"https:\/\/tulinkahveci.com\/index.php\/yirmi-dokuz-haftalik-hamilelik\/\" \/>\n<meta property=\"og:locale\" content=\"tr_TR\" \/>\n<meta property=\"og:type\" content=\"article\" \/>\n<meta property=\"og:title\" content=\"Y\u0130RM\u0130 DOKUZ HAFTALIK HAM\u0130LEL\u0130K - T\u00dcL\u0130N KAHVEC\u0130\" \/>\n<meta property=\"og:description\" content=\"Bebe\u011fin beyni bu haftada solunum, v\u00fccut \u0131s\u0131s\u0131 gibi ya\u015famsal olaylar\u0131 kontrol edebilecek kadar geli\u015fmi\u015ftir.\" \/>\n<meta property=\"og:url\" content=\"https:\/\/tulinkahveci.com\/index.php\/yirmi-dokuz-haftalik-hamilelik\/\" \/>\n<meta property=\"og:site_name\" content=\"T\u00dcL\u0130N KAHVEC\u0130\" \/>\n<meta name=\"twitter:card\" content=\"summary_large_image\" \/>\n<meta name=\"twitter:label1\" content=\"Tahmini okuma s\u00fcresi\" \/>\n\t<meta name=\"twitter:data1\" content=\"2 dakika\" \/>\n<script type=\"application\/ld+json\" class=\"yoast-schema-graph\">{\"@context\":\"https:\\\/\\\/schema.org\",\"@graph\":[{\"@type\":\"WebPage\",\"@id\":\"https:\\\/\\\/tulinkahveci.com\\\/index.php\\\/yirmi-dokuz-haftalik-hamilelik\\\/\",\"url\":\"https:\\\/\\\/tulinkahveci.com\\\/index.php\\\/yirmi-dokuz-haftalik-hamilelik\\\/\",\"name\":\"Y\u0130RM\u0130 DOKUZ HAFTALIK HAM\u0130LEL\u0130K - T\u00dcL\u0130N KAHVEC\u0130\",\"isPartOf\":{\"@id\":\"https:\\\/\\\/tulinkahveci.com\\\/#website\"},\"datePublished\":\"2025-01-16T14:23:03+00:00\",\"description\":\"Bebe\u011fin beyni bu haftada solunum, v\u00fccut \u0131s\u0131s\u0131 gibi ya\u015famsal olaylar\u0131 kontrol edebilecek kadar geli\u015fmi\u015ftir.\",\"breadcrumb\":{\"@id\":\"https:\\\/\\\/tulinkahveci.com\\\/index.php\\\/yirmi-dokuz-haftalik-hamilelik\\\/#breadcrumb\"},\"inLanguage\":\"tr\",\"potentialAction\":[{\"@type\":\"ReadAction\",\"target\":[\"https:\\\/\\\/tulinkahveci.com\\\/index.php\\\/yirmi-dokuz-haftalik-hamilelik\\\/\"]}]},{\"@type\":\"BreadcrumbList\",\"@id\":\"https:\\\/\\\/tulinkahveci.com\\\/index.php\\\/yirmi-dokuz-haftalik-hamilelik\\\/#breadcrumb\",\"itemListElement\":[{\"@type\":\"ListItem\",\"position\":1,\"name\":\"Anasayfa\",\"item\":\"https:\\\/\\\/tulinkahveci.com\\\/\"},{\"@type\":\"ListItem\",\"position\":2,\"name\":\"Y\u0130RM\u0130 DOKUZ HAFTALIK HAM\u0130LEL\u0130K\"}]},{\"@type\":\"WebSite\",\"@id\":\"https:\\\/\\\/tulinkahveci.com\\\/#website\",\"url\":\"https:\\\/\\\/tulinkahveci.com\\\/\",\"name\":\"T\u00dcL\u0130N KAHVEC\u0130\",\"description\":\"\",\"potentialAction\":[{\"@type\":\"SearchAction\",\"target\":{\"@type\":\"EntryPoint\",\"urlTemplate\":\"https:\\\/\\\/tulinkahveci.com\\\/?s={search_term_string}\"},\"query-input\":{\"@type\":\"PropertyValueSpecification\",\"valueRequired\":true,\"valueName\":\"search_term_string\"}}],\"inLanguage\":\"tr\"}]}<\/script>\n<!-- \/ Yoast SEO plugin. -->","yoast_head_json":{"title":"Y\u0130RM\u0130 DOKUZ HAFTALIK HAM\u0130LEL\u0130K - T\u00dcL\u0130N KAHVEC\u0130","description":"Bebe\u011fin beyni bu haftada solunum, v\u00fccut \u0131s\u0131s\u0131 gibi ya\u015famsal olaylar\u0131 kontrol edebilecek kadar geli\u015fmi\u015ftir.","robots":{"index":"index","follow":"follow","max-snippet":"max-snippet:-1","max-image-preview":"max-image-preview:large","max-video-preview":"max-video-preview:-1"},"canonical":"https:\/\/tulinkahveci.com\/index.php\/yirmi-dokuz-haftalik-hamilelik\/","og_locale":"tr_TR","og_type":"article","og_title":"Y\u0130RM\u0130 DOKUZ HAFTALIK HAM\u0130LEL\u0130K - T\u00dcL\u0130N KAHVEC\u0130","og_description":"Bebe\u011fin beyni bu haftada solunum, v\u00fccut \u0131s\u0131s\u0131 gibi ya\u015famsal olaylar\u0131 kontrol edebilecek kadar geli\u015fmi\u015ftir.","og_url":"https:\/\/tulinkahveci.com\/index.php\/yirmi-dokuz-haftalik-hamilelik\/","og_site_name":"T\u00dcL\u0130N KAHVEC\u0130","twitter_card":"summary_large_image","twitter_misc":{"Tahmini okuma s\u00fcresi":"2 dakika"},"schema":{"@context":"https:\/\/schema.org","@graph":[{"@type":"WebPage","@id":"https:\/\/tulinkahveci.com\/index.php\/yirmi-dokuz-haftalik-hamilelik\/","url":"https:\/\/tulinkahveci.com\/index.php\/yirmi-dokuz-haftalik-hamilelik\/","name":"Y\u0130RM\u0130 DOKUZ HAFTALIK HAM\u0130LEL\u0130K - T\u00dcL\u0130N KAHVEC\u0130","isPartOf":{"@id":"https:\/\/tulinkahveci.com\/#website"},"datePublished":"2025-01-16T14:23:03+00:00","description":"Bebe\u011fin beyni bu haftada solunum, v\u00fccut \u0131s\u0131s\u0131 gibi ya\u015famsal olaylar\u0131 kontrol edebilecek kadar geli\u015fmi\u015ftir.","breadcrumb":{"@id":"https:\/\/tulinkahveci.com\/index.php\/yirmi-dokuz-haftalik-hamilelik\/#breadcrumb"},"inLanguage":"tr","potentialAction":[{"@type":"ReadAction","target":["https:\/\/tulinkahveci.com\/index.php\/yirmi-dokuz-haftalik-hamilelik\/"]}]},{"@type":"BreadcrumbList","@id":"https:\/\/tulinkahveci.com\/index.php\/yirmi-dokuz-haftalik-hamilelik\/#breadcrumb","itemListElement":[{"@type":"ListItem","position":1,"name":"Anasayfa","item":"https:\/\/tulinkahveci.com\/"},{"@type":"ListItem","position":2,"name":"Y\u0130RM\u0130 DOKUZ HAFTALIK HAM\u0130LEL\u0130K"}]},{"@type":"WebSite","@id":"https:\/\/tulinkahveci.com\/#website","url":"https:\/\/tulinkahveci.com\/","name":"T\u00dcL\u0130N KAHVEC\u0130","description":"","potentialAction":[{"@type":"SearchAction","target":{"@type":"EntryPoint","urlTemplate":"https:\/\/tulinkahveci.com\/?s={search_term_string}"},"query-input":{"@type":"PropertyValueSpecification","valueRequired":true,"valueName":"search_term_string"}}],"inLanguage":"tr"}]}},"_links":{"self":[{"href":"https:\/\/tulinkahveci.com\/index.php\/wp-json\/wp\/v2\/pages\/2142","targetHints":{"allow":["GET"]}}],"collection":[{"href":"https:\/\/tulinkahveci.com\/index.php\/wp-json\/wp\/v2\/pages"}],"about":[{"href":"https:\/\/tulinkahveci.com\/index.php\/wp-json\/wp\/v2\/types\/page"}],"author":[{"embeddable":true,"href":"https:\/\/tulinkahveci.com\/index.php\/wp-json\/wp\/v2\/users\/1"}],"replies":[{"embeddable":true,"href":"https:\/\/tulinkahveci.com\/index.php\/wp-json\/wp\/v2\/comments?post=2142"}],"version-history":[{"count":0,"href":"https:\/\/tulinkahveci.com\/index.php\/wp-json\/wp\/v2\/pages\/2142\/revisions"}],"wp:attachment":[{"href":"https:\/\/tulinkahveci.com\/index.php\/wp-json\/wp\/v2\/media?parent=2142"}],"curies":[{"name":"wp","href":"https:\/\/api.w.org\/{rel}","templated":true}]}}