{"id":2203,"date":"2025-01-16T14:15:40","date_gmt":"2025-01-16T14:15:40","guid":{"rendered":"https:\/\/tulinkahveci.com\/?page_id=2203"},"modified":"2025-01-16T14:15:40","modified_gmt":"2025-01-16T14:15:40","slug":"otuz-dokuz-haftalik-hamilelik","status":"publish","type":"page","link":"https:\/\/tulinkahveci.com\/index.php\/otuz-dokuz-haftalik-hamilelik\/","title":{"rendered":"OTUZ DOKUZ HAFTALIK HAM\u0130LEL\u0130K"},"content":{"rendered":"\t\t<div data-elementor-type=\"wp-page\" data-elementor-id=\"2203\" class=\"elementor elementor-2203\">\n\t\t\t\t\t\t<section class=\"elementor-section elementor-top-section elementor-element elementor-element-1dc9171 elementor-section-boxed elementor-section-height-default elementor-section-height-default\" data-id=\"1dc9171\" data-element_type=\"section\" data-e-type=\"section\">\n\t\t\t\t\t\t<div class=\"elementor-container elementor-column-gap-default\">\n\t\t\t\t\t<div class=\"aux-parallax-section elementor-column elementor-col-100 elementor-top-column elementor-element elementor-element-fa29654\" data-id=\"fa29654\" data-element_type=\"column\" data-e-type=\"column\">\n\t\t\t<div class=\"elementor-widget-wrap elementor-element-populated\">\n\t\t\t\t\t\t<div class=\"elementor-element elementor-element-3bbd978 elementor-widget elementor-widget-heading\" data-id=\"3bbd978\" data-element_type=\"widget\" data-e-type=\"widget\" data-widget_type=\"heading.default\">\n\t\t\t\t\t<h2 class=\"elementor-heading-title elementor-size-default\">OTUZ DOKUZ HAFTALIK HAM\u0130LEL\u0130K<\/h2>\t\t\t\t<\/div>\n\t\t\t\t<div class=\"elementor-element elementor-element-817eb17 elementor-widget elementor-widget-text-editor\" data-id=\"817eb17\" data-element_type=\"widget\" data-e-type=\"widget\" data-widget_type=\"text-editor.default\">\n\t\t\t\t\t\t\t\t\t<p><span style=\"font-family: Times New Roman, serif;\"><span style=\"font-size: large;\"><b>Hamileli\u011fin 39. haftas\u0131nda bebek:<\/b><\/span><\/span><span style=\"font-family: Times New Roman, serif;\"><span style=\"font-size: large;\"><br \/>39. gebelik haftas\u0131nda bebe\u011fin boyu yakla\u015f\u0131k 50-51 cm, a\u011f\u0131rl\u0131\u011f\u0131 3200-3400 gram kadard\u0131r.<br \/>Otuz dokuzuncu hafta art\u0131k her an do\u011fumun ger\u00e7ekle\u015febilece\u011fi g\u00fcnlerdir. Bebe\u011fin \u00fczerini kaplayan ince lanugo t\u00fcyleri iyice yok olur. Bebe\u011fin akci\u011fer geli\u015fimi ve s\u00fcrfaktan salg\u0131lamas\u0131 art\u0131k tamamen do\u011fuma haz\u0131rd\u0131r. Bebek rahim i\u00e7erisinde fazla hareket edemeyecek kadar s\u0131k\u0131\u015f\u0131kt\u0131r.<\/span><\/span><\/p><p><span style=\"font-family: Times New Roman, serif;\"><span style=\"font-size: large;\">Bebe\u011finiz cildin alt\u0131nda bir ya\u011f tabakas\u0131 geli\u015ftirmeye devam ediyor.\u00a0Bu, bebe\u011finizin v\u00fccut s\u0131cakl\u0131\u011f\u0131n\u0131 d\u00fczenleme yetene\u011finin \u00f6nemli bir par\u00e7as\u0131d\u0131r.\u00a0Bebe\u011finiz ayr\u0131ca eski cilt h\u00fccrelerini de\u011fi\u015ftirmek i\u00e7in yeni cilt h\u00fccreleri olu\u015fturmaya da ba\u015fl\u0131yor.<\/span><\/span><\/p><p><span style=\"font-family: Times New Roman, serif;\"><span style=\"font-size: large;\"><b>Hamileli\u011fin 39. haftas\u0131nda anne:<\/b><\/span><\/span><\/p><p><span style=\"font-family: Times New Roman, serif;\"><span style=\"font-size: large;\">Bu haftada, b\u00fcy\u00fck olas\u0131l\u0131kla ge\u00e7en haftaya g\u00f6re \u00e7ok fazla de\u011fi\u015fiklik ya\u015famad\u0131k.\u00a0Muhtemelen hi\u00e7 kilo almad\u0131n\u0131z, ancak hala devam eden de\u011fi\u015fiklikler var.<\/span><\/span><\/p><p><span style=\"font-family: Times New Roman, serif;\"><span style=\"font-size: large;\"><b>Babalar i\u00e7in;<\/b><\/span><\/span><\/p><p><span style=\"font-family: Times New Roman, serif;\"><span style=\"font-size: large;\">\u0130lk g\u00fcn\u00fc kimlerle ge\u00e7irmek istedi\u011finiz ile ilgili olarak e\u015finiz ile konu\u015fun.<\/span><\/span><\/p>\t\t\t\t\t\t\t\t<\/div>\n\t\t\t\t\t<\/div>\n\t\t<\/div>\n\t\t\t\t\t<\/div>\n\t\t<\/section>\n\t\t\t\t<\/div>\n\t\t","protected":false},"excerpt":{"rendered":"<p>OTUZ DOKUZ HAFTALIK HAM\u0130LEL\u0130K Hamileli\u011fin 39. haftas\u0131nda bebek:39. gebelik haftas\u0131nda bebe\u011fin boyu yakla\u015f\u0131k 50-51 cm, a\u011f\u0131rl\u0131\u011f\u0131 3200-3400 gram kadard\u0131r.Otuz dokuzuncu hafta art\u0131k her an do\u011fumun ger\u00e7ekle\u015febilece\u011fi g\u00fcnlerdir. Bebe\u011fin \u00fczerini kaplayan ince lanugo t\u00fcyleri iyice yok olur. Bebe\u011fin akci\u011fer geli\u015fimi ve s\u00fcrfaktan salg\u0131lamas\u0131 art\u0131k tamamen do\u011fuma haz\u0131rd\u0131r. Bebek rahim i\u00e7erisinde fazla hareket edemeyecek kadar s\u0131k\u0131\u015f\u0131kt\u0131r. Bebe\u011finiz [&hellip;]<\/p>\n","protected":false},"author":1,"featured_media":0,"parent":0,"menu_order":0,"comment_status":"closed","ping_status":"closed","template":"","meta":{"footnotes":""},"class_list":["post-2203","page","type-page","status-publish","hentry"],"yoast_head":"<!-- This site is optimized with the Yoast SEO plugin v27.4 - https:\/\/yoast.com\/product\/yoast-seo-wordpress\/ -->\n<title>OTUZ DOKUZ HAFTALIK HAM\u0130LEL\u0130K - T\u00dcL\u0130N KAHVEC\u0130<\/title>\n<meta name=\"description\" content=\"Bebe\u011finiz cildin alt\u0131nda bir ya\u011f tabakas\u0131 geli\u015ftirmeye devam ediyor.\u00a0Bebe\u011finiz ayr\u0131ca eski cilt h\u00fccrelerini de\u011fi\u015ftirmek i\u00e7in yeni cilt h\u00fccreleri olu\u015fturmaya da ba\u015fl\u0131yor.\" \/>\n<meta name=\"robots\" content=\"index, follow, max-snippet:-1, max-image-preview:large, max-video-preview:-1\" \/>\n<link rel=\"canonical\" href=\"https:\/\/tulinkahveci.com\/index.php\/otuz-dokuz-haftalik-hamilelik\/\" \/>\n<meta property=\"og:locale\" content=\"tr_TR\" \/>\n<meta property=\"og:type\" content=\"article\" \/>\n<meta property=\"og:title\" content=\"OTUZ DOKUZ HAFTALIK HAM\u0130LEL\u0130K - T\u00dcL\u0130N KAHVEC\u0130\" \/>\n<meta property=\"og:description\" content=\"Bebe\u011finiz cildin alt\u0131nda bir ya\u011f tabakas\u0131 geli\u015ftirmeye devam ediyor.\u00a0Bebe\u011finiz ayr\u0131ca eski cilt h\u00fccrelerini de\u011fi\u015ftirmek i\u00e7in yeni cilt h\u00fccreleri olu\u015fturmaya da ba\u015fl\u0131yor.\" \/>\n<meta property=\"og:url\" content=\"https:\/\/tulinkahveci.com\/index.php\/otuz-dokuz-haftalik-hamilelik\/\" \/>\n<meta property=\"og:site_name\" content=\"T\u00dcL\u0130N KAHVEC\u0130\" \/>\n<meta name=\"twitter:card\" content=\"summary_large_image\" \/>\n<meta name=\"twitter:label1\" content=\"Tahmini okuma s\u00fcresi\" \/>\n\t<meta name=\"twitter:data1\" content=\"1 dakika\" \/>\n<script type=\"application\/ld+json\" class=\"yoast-schema-graph\">{\"@context\":\"https:\\\/\\\/schema.org\",\"@graph\":[{\"@type\":\"WebPage\",\"@id\":\"https:\\\/\\\/tulinkahveci.com\\\/index.php\\\/otuz-dokuz-haftalik-hamilelik\\\/\",\"url\":\"https:\\\/\\\/tulinkahveci.com\\\/index.php\\\/otuz-dokuz-haftalik-hamilelik\\\/\",\"name\":\"OTUZ DOKUZ HAFTALIK HAM\u0130LEL\u0130K - T\u00dcL\u0130N KAHVEC\u0130\",\"isPartOf\":{\"@id\":\"https:\\\/\\\/tulinkahveci.com\\\/#website\"},\"datePublished\":\"2025-01-16T14:15:40+00:00\",\"description\":\"Bebe\u011finiz cildin alt\u0131nda bir ya\u011f tabakas\u0131 geli\u015ftirmeye devam ediyor.\u00a0Bebe\u011finiz ayr\u0131ca eski cilt h\u00fccrelerini de\u011fi\u015ftirmek i\u00e7in yeni cilt h\u00fccreleri olu\u015fturmaya da ba\u015fl\u0131yor.\",\"breadcrumb\":{\"@id\":\"https:\\\/\\\/tulinkahveci.com\\\/index.php\\\/otuz-dokuz-haftalik-hamilelik\\\/#breadcrumb\"},\"inLanguage\":\"tr\",\"potentialAction\":[{\"@type\":\"ReadAction\",\"target\":[\"https:\\\/\\\/tulinkahveci.com\\\/index.php\\\/otuz-dokuz-haftalik-hamilelik\\\/\"]}]},{\"@type\":\"BreadcrumbList\",\"@id\":\"https:\\\/\\\/tulinkahveci.com\\\/index.php\\\/otuz-dokuz-haftalik-hamilelik\\\/#breadcrumb\",\"itemListElement\":[{\"@type\":\"ListItem\",\"position\":1,\"name\":\"Anasayfa\",\"item\":\"https:\\\/\\\/tulinkahveci.com\\\/\"},{\"@type\":\"ListItem\",\"position\":2,\"name\":\"OTUZ DOKUZ HAFTALIK HAM\u0130LEL\u0130K\"}]},{\"@type\":\"WebSite\",\"@id\":\"https:\\\/\\\/tulinkahveci.com\\\/#website\",\"url\":\"https:\\\/\\\/tulinkahveci.com\\\/\",\"name\":\"T\u00dcL\u0130N KAHVEC\u0130\",\"description\":\"\",\"potentialAction\":[{\"@type\":\"SearchAction\",\"target\":{\"@type\":\"EntryPoint\",\"urlTemplate\":\"https:\\\/\\\/tulinkahveci.com\\\/?s={search_term_string}\"},\"query-input\":{\"@type\":\"PropertyValueSpecification\",\"valueRequired\":true,\"valueName\":\"search_term_string\"}}],\"inLanguage\":\"tr\"}]}<\/script>\n<!-- \/ Yoast SEO plugin. -->","yoast_head_json":{"title":"OTUZ DOKUZ HAFTALIK HAM\u0130LEL\u0130K - T\u00dcL\u0130N KAHVEC\u0130","description":"Bebe\u011finiz cildin alt\u0131nda bir ya\u011f tabakas\u0131 geli\u015ftirmeye devam ediyor.\u00a0Bebe\u011finiz ayr\u0131ca eski cilt h\u00fccrelerini de\u011fi\u015ftirmek i\u00e7in yeni cilt h\u00fccreleri olu\u015fturmaya da ba\u015fl\u0131yor.","robots":{"index":"index","follow":"follow","max-snippet":"max-snippet:-1","max-image-preview":"max-image-preview:large","max-video-preview":"max-video-preview:-1"},"canonical":"https:\/\/tulinkahveci.com\/index.php\/otuz-dokuz-haftalik-hamilelik\/","og_locale":"tr_TR","og_type":"article","og_title":"OTUZ DOKUZ HAFTALIK HAM\u0130LEL\u0130K - T\u00dcL\u0130N KAHVEC\u0130","og_description":"Bebe\u011finiz cildin alt\u0131nda bir ya\u011f tabakas\u0131 geli\u015ftirmeye devam ediyor.\u00a0Bebe\u011finiz ayr\u0131ca eski cilt h\u00fccrelerini de\u011fi\u015ftirmek i\u00e7in yeni cilt h\u00fccreleri olu\u015fturmaya da ba\u015fl\u0131yor.","og_url":"https:\/\/tulinkahveci.com\/index.php\/otuz-dokuz-haftalik-hamilelik\/","og_site_name":"T\u00dcL\u0130N KAHVEC\u0130","twitter_card":"summary_large_image","twitter_misc":{"Tahmini okuma s\u00fcresi":"1 dakika"},"schema":{"@context":"https:\/\/schema.org","@graph":[{"@type":"WebPage","@id":"https:\/\/tulinkahveci.com\/index.php\/otuz-dokuz-haftalik-hamilelik\/","url":"https:\/\/tulinkahveci.com\/index.php\/otuz-dokuz-haftalik-hamilelik\/","name":"OTUZ DOKUZ HAFTALIK HAM\u0130LEL\u0130K - T\u00dcL\u0130N KAHVEC\u0130","isPartOf":{"@id":"https:\/\/tulinkahveci.com\/#website"},"datePublished":"2025-01-16T14:15:40+00:00","description":"Bebe\u011finiz cildin alt\u0131nda bir ya\u011f tabakas\u0131 geli\u015ftirmeye devam ediyor.\u00a0Bebe\u011finiz ayr\u0131ca eski cilt h\u00fccrelerini de\u011fi\u015ftirmek i\u00e7in yeni cilt h\u00fccreleri olu\u015fturmaya da ba\u015fl\u0131yor.","breadcrumb":{"@id":"https:\/\/tulinkahveci.com\/index.php\/otuz-dokuz-haftalik-hamilelik\/#breadcrumb"},"inLanguage":"tr","potentialAction":[{"@type":"ReadAction","target":["https:\/\/tulinkahveci.com\/index.php\/otuz-dokuz-haftalik-hamilelik\/"]}]},{"@type":"BreadcrumbList","@id":"https:\/\/tulinkahveci.com\/index.php\/otuz-dokuz-haftalik-hamilelik\/#breadcrumb","itemListElement":[{"@type":"ListItem","position":1,"name":"Anasayfa","item":"https:\/\/tulinkahveci.com\/"},{"@type":"ListItem","position":2,"name":"OTUZ DOKUZ HAFTALIK HAM\u0130LEL\u0130K"}]},{"@type":"WebSite","@id":"https:\/\/tulinkahveci.com\/#website","url":"https:\/\/tulinkahveci.com\/","name":"T\u00dcL\u0130N KAHVEC\u0130","description":"","potentialAction":[{"@type":"SearchAction","target":{"@type":"EntryPoint","urlTemplate":"https:\/\/tulinkahveci.com\/?s={search_term_string}"},"query-input":{"@type":"PropertyValueSpecification","valueRequired":true,"valueName":"search_term_string"}}],"inLanguage":"tr"}]}},"_links":{"self":[{"href":"https:\/\/tulinkahveci.com\/index.php\/wp-json\/wp\/v2\/pages\/2203","targetHints":{"allow":["GET"]}}],"collection":[{"href":"https:\/\/tulinkahveci.com\/index.php\/wp-json\/wp\/v2\/pages"}],"about":[{"href":"https:\/\/tulinkahveci.com\/index.php\/wp-json\/wp\/v2\/types\/page"}],"author":[{"embeddable":true,"href":"https:\/\/tulinkahveci.com\/index.php\/wp-json\/wp\/v2\/users\/1"}],"replies":[{"embeddable":true,"href":"https:\/\/tulinkahveci.com\/index.php\/wp-json\/wp\/v2\/comments?post=2203"}],"version-history":[{"count":0,"href":"https:\/\/tulinkahveci.com\/index.php\/wp-json\/wp\/v2\/pages\/2203\/revisions"}],"wp:attachment":[{"href":"https:\/\/tulinkahveci.com\/index.php\/wp-json\/wp\/v2\/media?parent=2203"}],"curies":[{"name":"wp","href":"https:\/\/api.w.org\/{rel}","templated":true}]}}