{"id":362,"date":"2022-04-19T15:08:44","date_gmt":"2022-04-19T12:08:44","guid":{"rendered":"http:\/\/localhost\/?page_id=362"},"modified":"2022-04-19T15:08:44","modified_gmt":"2022-04-19T12:08:44","slug":"vajinismus-ve-cinsel-sogukluk","status":"publish","type":"page","link":"https:\/\/tulinkahveci.com\/index.php\/vajinismus-ve-cinsel-sogukluk\/","title":{"rendered":"Vajinismus ve Cinsel So\u011fukluk"},"content":{"rendered":"\t\t<div data-elementor-type=\"wp-page\" data-elementor-id=\"362\" class=\"elementor elementor-362\">\n\t\t\t\t\t\t<section class=\"elementor-section elementor-top-section elementor-element elementor-element-4b53454 elementor-section-boxed elementor-section-height-default elementor-section-height-default\" data-id=\"4b53454\" data-element_type=\"section\" data-e-type=\"section\">\n\t\t\t\t\t\t<div class=\"elementor-container elementor-column-gap-default\">\n\t\t\t\t\t<div class=\"aux-parallax-section elementor-column elementor-col-100 elementor-top-column elementor-element elementor-element-65e805e\" data-id=\"65e805e\" data-element_type=\"column\" data-e-type=\"column\">\n\t\t\t<div class=\"elementor-widget-wrap elementor-element-populated\">\n\t\t\t\t\t\t<div class=\"elementor-element elementor-element-d3cf760 elementor-widget elementor-widget-heading\" data-id=\"d3cf760\" data-element_type=\"widget\" data-e-type=\"widget\" data-widget_type=\"heading.default\">\n\t\t\t\t\t<h2 class=\"elementor-heading-title elementor-size-default\">Vajinismus ve Cinsel So\u011fukluk<\/h2>\t\t\t\t<\/div>\n\t\t\t\t\t<\/div>\n\t\t<\/div>\n\t\t\t\t\t<\/div>\n\t\t<\/section>\n\t\t\t\t<section class=\"elementor-section elementor-top-section elementor-element elementor-element-1c25372 elementor-section-boxed elementor-section-height-default elementor-section-height-default\" data-id=\"1c25372\" data-element_type=\"section\" data-e-type=\"section\">\n\t\t\t\t\t\t<div class=\"elementor-container elementor-column-gap-default\">\n\t\t\t\t\t<div class=\"aux-parallax-section elementor-column elementor-col-100 elementor-top-column elementor-element elementor-element-edfc702\" data-id=\"edfc702\" data-element_type=\"column\" data-e-type=\"column\">\n\t\t\t<div class=\"elementor-widget-wrap elementor-element-populated\">\n\t\t\t\t\t\t<div class=\"elementor-element elementor-element-32d86d7 elementor-widget elementor-widget-html\" data-id=\"32d86d7\" data-element_type=\"widget\" data-e-type=\"widget\" data-widget_type=\"html.default\">\n\t\t\t\t\t<head>\r\n  <meta charset=\"UTF-8\">\r\n  <meta name=\"description\" content=\"bal\u0131kesir vajinismus, bal\u0131kesir cinsel so\u011fukluk,vajinismus tedavisi,cinsel terapi,kad\u0131n do\u011fum doktoru\">\r\n  <meta name=\"keyword\" content=\"HTML, CSS, JQuery\">\r\n  <meta name=\"author\" content=\"tulinkahveci.com\">\r\n<\/head>\t\t\t\t<\/div>\n\t\t\t\t\t<\/div>\n\t\t<\/div>\n\t\t\t\t\t<\/div>\n\t\t<\/section>\n\t\t\t\t<section class=\"elementor-section elementor-top-section elementor-element elementor-element-517f51ce elementor-section-boxed elementor-section-height-default elementor-section-height-default\" data-id=\"517f51ce\" data-element_type=\"section\" data-e-type=\"section\">\n\t\t\t\t\t\t<div class=\"elementor-container elementor-column-gap-default\">\n\t\t\t\t\t<div class=\"aux-parallax-section elementor-column elementor-col-100 elementor-top-column elementor-element elementor-element-62ee7538\" data-id=\"62ee7538\" data-element_type=\"column\" data-e-type=\"column\">\n\t\t\t<div class=\"elementor-widget-wrap elementor-element-populated\">\n\t\t\t\t\t\t<div class=\"elementor-element elementor-element-472e1d7 elementor-widget elementor-widget-text-editor\" data-id=\"472e1d7\" data-element_type=\"widget\" data-e-type=\"widget\" data-widget_type=\"text-editor.default\">\n\t\t\t\t\t\t\t\t\t<p align=\"justify\"><span style=\"color: #777777; font-size: medium; font-family: 'Times New Roman', serif; font-weight: var( --e-global-typography-text-font-weight );\">Vajinismusta ba\u015flang\u0131\u00e7ta cinsel ili\u015fkiye girmede isteksizlik yoktur ancak ili\u015fki s\u0131ras\u0131nda ac\u0131 duyma ve zarar g\u00f6rme duygusu \u00f6n plandad\u0131r, cinsel arzu ve vajende \u0131slanma mevcuttur. Oysa cinsel so\u011fuklukta temel sorun cinsel ili\u015fkiden zevk almamakt\u0131r. Ama her ikisinde de ay\u0131p ve g\u00fcnah duygusu \u00f6nemli yer tutar. Bununla birlikte baz\u0131 kad\u0131nlarda da daha \u00f6nce cinsel ili\u015fkide sorun yokken, sonradan meydana gelen bir cinsel ili\u015fkiye girememe durumu s\u00f6z konusu olabilir. Bu durumda cinsel so\u011fukluk sekonder vajinismus nedenlerinden biri olabilir.<\/span><\/p><p class=\"western\" align=\"left\">\u00a0<\/p>\t\t\t\t\t\t\t\t<\/div>\n\t\t\t\t\t<\/div>\n\t\t<\/div>\n\t\t\t\t\t<\/div>\n\t\t<\/section>\n\t\t\t\t<\/div>\n\t\t","protected":false},"excerpt":{"rendered":"<p>Vajinismus ve Cinsel So\u011fukluk Vajinismusta ba\u015flang\u0131\u00e7ta cinsel ili\u015fkiye girmede isteksizlik yoktur ancak ili\u015fki s\u0131ras\u0131nda ac\u0131 duyma ve zarar g\u00f6rme duygusu \u00f6n plandad\u0131r, cinsel arzu ve vajende \u0131slanma mevcuttur. Oysa cinsel so\u011fuklukta temel sorun cinsel ili\u015fkiden zevk almamakt\u0131r. Ama her ikisinde de ay\u0131p ve g\u00fcnah duygusu \u00f6nemli yer tutar. Bununla birlikte baz\u0131 kad\u0131nlarda da daha \u00f6nce [&hellip;]<\/p>\n","protected":false},"author":1,"featured_media":0,"parent":0,"menu_order":0,"comment_status":"closed","ping_status":"closed","template":"","meta":{"footnotes":""},"class_list":["post-362","page","type-page","status-publish","hentry"],"yoast_head":"<!-- This site is optimized with the Yoast SEO plugin v27.4 - https:\/\/yoast.com\/product\/yoast-seo-wordpress\/ -->\n<title>Vajinismus ve Cinsel So\u011fukluk - T\u00dcL\u0130N KAHVEC\u0130<\/title>\n<meta name=\"robots\" content=\"index, follow, max-snippet:-1, max-image-preview:large, max-video-preview:-1\" \/>\n<link rel=\"canonical\" href=\"https:\/\/tulinkahveci.com\/index.php\/vajinismus-ve-cinsel-sogukluk\/\" \/>\n<meta property=\"og:locale\" content=\"tr_TR\" \/>\n<meta property=\"og:type\" content=\"article\" \/>\n<meta property=\"og:title\" content=\"Vajinismus ve Cinsel So\u011fukluk - T\u00dcL\u0130N KAHVEC\u0130\" \/>\n<meta property=\"og:description\" content=\"Vajinismus ve Cinsel So\u011fukluk Vajinismusta ba\u015flang\u0131\u00e7ta cinsel ili\u015fkiye girmede isteksizlik yoktur ancak ili\u015fki s\u0131ras\u0131nda ac\u0131 duyma ve zarar g\u00f6rme duygusu \u00f6n plandad\u0131r, cinsel arzu ve vajende \u0131slanma mevcuttur. Oysa cinsel so\u011fuklukta temel sorun cinsel ili\u015fkiden zevk almamakt\u0131r. Ama her ikisinde de ay\u0131p ve g\u00fcnah duygusu \u00f6nemli yer tutar. Bununla birlikte baz\u0131 kad\u0131nlarda da daha \u00f6nce [&hellip;]\" \/>\n<meta property=\"og:url\" content=\"https:\/\/tulinkahveci.com\/index.php\/vajinismus-ve-cinsel-sogukluk\/\" \/>\n<meta property=\"og:site_name\" content=\"T\u00dcL\u0130N KAHVEC\u0130\" \/>\n<meta name=\"twitter:card\" content=\"summary_large_image\" \/>\n<meta name=\"twitter:label1\" content=\"Tahmini okuma s\u00fcresi\" \/>\n\t<meta name=\"twitter:data1\" content=\"1 dakika\" \/>\n<script type=\"application\/ld+json\" class=\"yoast-schema-graph\">{\"@context\":\"https:\\\/\\\/schema.org\",\"@graph\":[{\"@type\":\"WebPage\",\"@id\":\"https:\\\/\\\/tulinkahveci.com\\\/index.php\\\/vajinismus-ve-cinsel-sogukluk\\\/\",\"url\":\"https:\\\/\\\/tulinkahveci.com\\\/index.php\\\/vajinismus-ve-cinsel-sogukluk\\\/\",\"name\":\"Vajinismus ve Cinsel So\u011fukluk - T\u00dcL\u0130N KAHVEC\u0130\",\"isPartOf\":{\"@id\":\"https:\\\/\\\/tulinkahveci.com\\\/#website\"},\"datePublished\":\"2022-04-19T12:08:44+00:00\",\"breadcrumb\":{\"@id\":\"https:\\\/\\\/tulinkahveci.com\\\/index.php\\\/vajinismus-ve-cinsel-sogukluk\\\/#breadcrumb\"},\"inLanguage\":\"tr\",\"potentialAction\":[{\"@type\":\"ReadAction\",\"target\":[\"https:\\\/\\\/tulinkahveci.com\\\/index.php\\\/vajinismus-ve-cinsel-sogukluk\\\/\"]}]},{\"@type\":\"BreadcrumbList\",\"@id\":\"https:\\\/\\\/tulinkahveci.com\\\/index.php\\\/vajinismus-ve-cinsel-sogukluk\\\/#breadcrumb\",\"itemListElement\":[{\"@type\":\"ListItem\",\"position\":1,\"name\":\"Anasayfa\",\"item\":\"https:\\\/\\\/tulinkahveci.com\\\/\"},{\"@type\":\"ListItem\",\"position\":2,\"name\":\"Vajinismus ve Cinsel So\u011fukluk\"}]},{\"@type\":\"WebSite\",\"@id\":\"https:\\\/\\\/tulinkahveci.com\\\/#website\",\"url\":\"https:\\\/\\\/tulinkahveci.com\\\/\",\"name\":\"T\u00dcL\u0130N KAHVEC\u0130\",\"description\":\"\",\"potentialAction\":[{\"@type\":\"SearchAction\",\"target\":{\"@type\":\"EntryPoint\",\"urlTemplate\":\"https:\\\/\\\/tulinkahveci.com\\\/?s={search_term_string}\"},\"query-input\":{\"@type\":\"PropertyValueSpecification\",\"valueRequired\":true,\"valueName\":\"search_term_string\"}}],\"inLanguage\":\"tr\"}]}<\/script>\n<!-- \/ Yoast SEO plugin. -->","yoast_head_json":{"title":"Vajinismus ve Cinsel So\u011fukluk - T\u00dcL\u0130N KAHVEC\u0130","robots":{"index":"index","follow":"follow","max-snippet":"max-snippet:-1","max-image-preview":"max-image-preview:large","max-video-preview":"max-video-preview:-1"},"canonical":"https:\/\/tulinkahveci.com\/index.php\/vajinismus-ve-cinsel-sogukluk\/","og_locale":"tr_TR","og_type":"article","og_title":"Vajinismus ve Cinsel So\u011fukluk - T\u00dcL\u0130N KAHVEC\u0130","og_description":"Vajinismus ve Cinsel So\u011fukluk Vajinismusta ba\u015flang\u0131\u00e7ta cinsel ili\u015fkiye girmede isteksizlik yoktur ancak ili\u015fki s\u0131ras\u0131nda ac\u0131 duyma ve zarar g\u00f6rme duygusu \u00f6n plandad\u0131r, cinsel arzu ve vajende \u0131slanma mevcuttur. Oysa cinsel so\u011fuklukta temel sorun cinsel ili\u015fkiden zevk almamakt\u0131r. Ama her ikisinde de ay\u0131p ve g\u00fcnah duygusu \u00f6nemli yer tutar. Bununla birlikte baz\u0131 kad\u0131nlarda da daha \u00f6nce [&hellip;]","og_url":"https:\/\/tulinkahveci.com\/index.php\/vajinismus-ve-cinsel-sogukluk\/","og_site_name":"T\u00dcL\u0130N KAHVEC\u0130","twitter_card":"summary_large_image","twitter_misc":{"Tahmini okuma s\u00fcresi":"1 dakika"},"schema":{"@context":"https:\/\/schema.org","@graph":[{"@type":"WebPage","@id":"https:\/\/tulinkahveci.com\/index.php\/vajinismus-ve-cinsel-sogukluk\/","url":"https:\/\/tulinkahveci.com\/index.php\/vajinismus-ve-cinsel-sogukluk\/","name":"Vajinismus ve Cinsel So\u011fukluk - T\u00dcL\u0130N KAHVEC\u0130","isPartOf":{"@id":"https:\/\/tulinkahveci.com\/#website"},"datePublished":"2022-04-19T12:08:44+00:00","breadcrumb":{"@id":"https:\/\/tulinkahveci.com\/index.php\/vajinismus-ve-cinsel-sogukluk\/#breadcrumb"},"inLanguage":"tr","potentialAction":[{"@type":"ReadAction","target":["https:\/\/tulinkahveci.com\/index.php\/vajinismus-ve-cinsel-sogukluk\/"]}]},{"@type":"BreadcrumbList","@id":"https:\/\/tulinkahveci.com\/index.php\/vajinismus-ve-cinsel-sogukluk\/#breadcrumb","itemListElement":[{"@type":"ListItem","position":1,"name":"Anasayfa","item":"https:\/\/tulinkahveci.com\/"},{"@type":"ListItem","position":2,"name":"Vajinismus ve Cinsel So\u011fukluk"}]},{"@type":"WebSite","@id":"https:\/\/tulinkahveci.com\/#website","url":"https:\/\/tulinkahveci.com\/","name":"T\u00dcL\u0130N KAHVEC\u0130","description":"","potentialAction":[{"@type":"SearchAction","target":{"@type":"EntryPoint","urlTemplate":"https:\/\/tulinkahveci.com\/?s={search_term_string}"},"query-input":{"@type":"PropertyValueSpecification","valueRequired":true,"valueName":"search_term_string"}}],"inLanguage":"tr"}]}},"_links":{"self":[{"href":"https:\/\/tulinkahveci.com\/index.php\/wp-json\/wp\/v2\/pages\/362","targetHints":{"allow":["GET"]}}],"collection":[{"href":"https:\/\/tulinkahveci.com\/index.php\/wp-json\/wp\/v2\/pages"}],"about":[{"href":"https:\/\/tulinkahveci.com\/index.php\/wp-json\/wp\/v2\/types\/page"}],"author":[{"embeddable":true,"href":"https:\/\/tulinkahveci.com\/index.php\/wp-json\/wp\/v2\/users\/1"}],"replies":[{"embeddable":true,"href":"https:\/\/tulinkahveci.com\/index.php\/wp-json\/wp\/v2\/comments?post=362"}],"version-history":[{"count":0,"href":"https:\/\/tulinkahveci.com\/index.php\/wp-json\/wp\/v2\/pages\/362\/revisions"}],"wp:attachment":[{"href":"https:\/\/tulinkahveci.com\/index.php\/wp-json\/wp\/v2\/media?parent=362"}],"curies":[{"name":"wp","href":"https:\/\/api.w.org\/{rel}","templated":true}]}}